{"id":9696,"date":"2016-11-27T15:24:53","date_gmt":"2016-11-27T14:24:53","guid":{"rendered":"http:\/\/fundacjaoda.pl\/?page_id=9696"},"modified":"2016-11-27T15:48:07","modified_gmt":"2016-11-27T14:48:07","slug":"x-powiatowy-konkurs-wiedzy-z-przedsiebiorczosci-nasz-powiat-23-11-2016","status":"publish","type":"page","link":"http:\/\/fundacjaoda.pl\/?page_id=9696","title":{"rendered":"X Powiatowy Konkurs Wiedzy z Przedsi\u0119biorczo\u015bci &#8211; 23.11.2016"},"content":{"rendered":"<p><em>Tekst: Dorota G\u00f3recka &#8211; organizator konkursu<\/em><\/p>\n<p><a href=\"http:\/\/fundacjaoda.pl\/wp-content\/uploads\/2016\/11\/IMG_0300.jpg\"><img loading=\"lazy\" src=\"http:\/\/fundacjaoda.pl\/wp-content\/uploads\/2016\/11\/IMG_0300.jpg\" style=\"margin-right: 10px;\" alt=\"img_0300\" width=\"25%\" height=\"25%\" class=\"alignnone size-full wp-image-9687\" align=\"left\" srcset=\"http:\/\/fundacjaoda.pl\/wp-content\/uploads\/2016\/11\/IMG_0300.jpg 900w, http:\/\/fundacjaoda.pl\/wp-content\/uploads\/2016\/11\/IMG_0300-150x100.jpg 150w\" sizes=\"(max-width: 900px) 100vw, 900px\" \/><\/a><a href=\"http:\/\/fundacjaoda.pl\/wp-content\/uploads\/2016\/11\/IMG_0288.jpg\"><img loading=\"lazy\" src=\"http:\/\/fundacjaoda.pl\/wp-content\/uploads\/2016\/11\/IMG_0288.jpg\" style=\"margin-left: 10px;\" alt=\"img_0288\" width=\"25%\" height=\"25%\" class=\"alignnone size-full wp-image-9686\" align=\"right\" srcset=\"http:\/\/fundacjaoda.pl\/wp-content\/uploads\/2016\/11\/IMG_0288.jpg 900w, http:\/\/fundacjaoda.pl\/wp-content\/uploads\/2016\/11\/IMG_0288-150x100.jpg 150w\" sizes=\"(max-width: 900px) 100vw, 900px\" \/><\/a>Fina\u0142 X Powiatowego Konkursu Wiedzy z Przedsi\u0119biorczo\u015bci \u201eNASZ POWIAT\u201d odby\u0142 si\u0119 w Zespole Szk\u00f3\u0142 Ekonomicznych im. Stanis\u0142awa Staszica. Patronat nad konkursem obj\u0119li: Mazowiecki Kurator O\u015bwiaty, Starosta Wo\u0142omi\u0144ski, Powiatowy CECH Rzemios\u0142 i&nbsp;Przedsi\u0119biorczo\u015bci w Wo\u0142ominie, Fundacja ODA, Powiatowe Centrum Dziedzictwa i Tw\u00f3rczo\u015bci w Wo\u0142ominie, Tygodnik \u201eWie\u015bci Podwarszawskie\u201d. Celem konkursu by\u0142o rozbudzenie w\u015br\u00f3d m\u0142odzie\u017cy zainteresowania swoim regionem, jego histori\u0105 oraz zach\u0119cenie do obserwacji zmian jakie w nim zachodz\u0105, zwr\u00f3cenie uwagi na uwarunkowania geograficzne, przyrodnicze, histori\u0119 oraz walory turystyczne powiatu wo\u0142omi\u0144skiego. Przez wyb\u00f3r tegorocznego has\u0142a organizatorzy pragn\u0119li rozbudzi\u0107 w uczestnikach lokalny patriotyzm oraz przybli\u017cy\u0107 sylwetki znanych os\u00f3b zwi\u0105zanych z powiatem wo\u0142omi\u0144skim. Nagrody dla uczestnik\u00f3w konkursu ufundowa\u0142 Starosta Wo\u0142omi\u0144ski. W konkursie wzi\u0119\u0142o udzia\u0142 og\u00f3\u0142em 562 uczni\u00f3w. Byli to uczniowie z 10 szk\u00f3\u0142 ponadgimnazjalnych &#8211; w tym 9 szk\u00f3\u0142 ponadgimnazjalnych powiatu wo\u0142omi\u0144skiego i Zesp\u00f3\u0142 Szk\u00f3\u0142 Ponadgimnazjalnych w \u0141ochowie &#8211; oraz 3 gimnazj\u00f3w.<\/p>\n<p>Konkurs zosta\u0142 rozstrzygni\u0119ty w nast\u0119puj\u0105cych kategoriach: <\/p>\n<p>1. <strong>Konkurs plastyczno-literacki \u201ePowiat Wo\u0142omi\u0144ski &#8211; to jest moje miejsce na Ziemi\u201d<\/strong><br \/>\n&nbsp;&nbsp;&nbsp;W kategorii <strong>&#8222;Gimnazjum&#8221; <\/strong>nagrody otrzymali:<br \/>\n&nbsp;&nbsp;&nbsp;&nbsp;&nbsp;I miejsce \u2013 Zofia Szczepa\u0144ska Publiczne Gimnazjum im. T. Ko\u015bciuszki w D\u0105br\u00f3wce,<br \/>\n&nbsp;&nbsp;&nbsp;&nbsp;II miejsce \u2013 Maria Szczepa\u0144ska Publiczne Gimnazjum im. T. Ko\u015bciuszki w D\u0105br\u00f3wce,<br \/>\n&nbsp;&nbsp;&nbsp;III miejsce \u2013 Nina Bereda-\u0141ab\u0119d\u017a Gimnazjum Nr 1 im. Zofii Na\u0142kowskiej w Wo\u0142ominie,<br \/>\n&nbsp;&nbsp;&nbsp;oraz wyr\u00f3\u017cnienia:<br \/>\n&nbsp;&nbsp;&nbsp;Tomasz Sk\u0142odowski Gimnazjum nr 1 im. Zofii Na\u0142kowskiej w Wo\u0142ominie,<br \/>\n&nbsp;&nbsp;&nbsp;Kacper Szczepa\u0144ski Gimnazjum nr 1 im. Zofii Na\u0142kowskiej w Wo\u0142ominie,<br \/>\n&nbsp;&nbsp;&nbsp;Zuzanna Adamczyk Zesp\u00f3\u0142 Szk\u00f3\u0142 nr 5 im. Polskich Olimpijczyk\u00f3w w Wo\u0142ominie.<\/p>\n<p>&nbsp;&nbsp;&nbsp;Nagrodzeni uczniowie w kategorii <strong>&#8222;Szko\u0142a ponadgimnazjalna&#8221;<\/strong>:<br \/>\n&nbsp;&nbsp;&nbsp;&nbsp;&nbsp;I miejsce \u2013 Adam Kryszkiewicz, Zesp\u00f3\u0142 Szk\u00f3\u0142 im. K.K. Baczy\u0144skiego w T\u0142uszczu,<br \/>\n&nbsp;&nbsp;&nbsp;&nbsp;II miejsce \u2013 Micha\u0142 Portka, Liceum Og\u00f3lnokszta\u0142c\u0105ce im. Bitwy Warszawskiej 1920 roku w Urlach,<br \/>\n&nbsp;&nbsp;&nbsp;III miejsce \u2013 Julia Kadaj, Zesp\u00f3\u0142 Szk\u00f3\u0142 im. K.K. Baczy\u0144skiego w T\u0142uszczu.<\/p>\n<p>2. <strong>Konkurs Wiedzy z Przedsi\u0119biorczo\u015bci dla Szk\u00f3\u0142 Ponadgimnazjalnych rozgrywany w dw\u00f3ch etapach<\/strong>:<br \/>\n&nbsp;&nbsp;&nbsp;&#8211; <strong>etap szkolny<\/strong> odby\u0142 si\u0119 w szko\u0142ach i komisje szkolne wy\u0142oni\u0142y po trzech laureat\u00f3w z najwi\u0119ksz\u0105 liczb\u0105 punkt\u00f3w, kt\u00f3rzy zakwalifikowali si\u0119 do fina\u0142u,<br \/>\n&nbsp;&nbsp;&nbsp;&#8211; <strong>etap powiatowy (fina\u0142)<\/strong> odby\u0142 23 listopada 2016 roku w Zespole Szk\u00f3\u0142 Ekonomicznych im. Stanis\u0142awa Staszica w Wo\u0142ominie. <\/p>\n<p>W rywalizacji wzi\u0119\u0142o udzia\u0142 og\u00f3\u0142em 540 (w samym w finale 30) uczni\u00f3w, kt\u00f3rzy w etapie szkolnym uzyskali najwi\u0119ksz\u0105 liczb\u0119 punkt\u00f3w. Komisja, sk\u0142adaj\u0105ca si\u0119 z&nbsp;nauczycieli przedmiotu podstawy przedsi\u0119biorczo\u015bci ucz\u0105cych w szko\u0142ach ponadgimnazjalnych, wy\u0142oni\u0142a zwyci\u0119zc\u00f3w:<br \/>\n&nbsp;&nbsp;&nbsp;&nbsp;&nbsp;I miejsce \u2013 Mateusz O\u0142dak, Zesp\u00f3\u0142 Szk\u00f3\u0142 im. Prezydenta Ignacego Mo\u015bcickiego w Zielonce,<br \/>\n&nbsp;&nbsp;&nbsp;&nbsp;II miejsce &#8211; Patryk Goworek, Liceum Og\u00f3lnokszta\u0142c\u0105ce im. C. K. Norwida w Radzyminie oraz Arkadiusz J\u00f3zwik, Zesp\u00f3\u0142 Szk\u00f3\u0142 Ekonomicznych<br \/>\n&nbsp;&nbsp;&nbsp;&nbsp;&nbsp;&nbsp;&nbsp;&nbsp;&nbsp;&nbsp;&nbsp;&nbsp;&nbsp;&nbsp;&nbsp;&nbsp;&nbsp;&nbsp;&nbsp;&nbsp;&nbsp;&nbsp;&nbsp;&nbsp;&nbsp;&nbsp;im. St. Staszica w Wo\u0142ominie,<br \/>\n&nbsp;&nbsp;&nbsp;III miejsce \u2013 Maciej Gelbrecht, Zesp\u00f3\u0142 Szk\u00f3\u0142 Ponadgimnazjalnych w \u0141ochowie,<br \/>\n&nbsp;&nbsp;&nbsp;IV miejsce \u2013 Kacper Mr\u00f3z, Zesp\u00f3\u0142 Szk\u00f3\u0142 im. K.K. Baczy\u0144skiego w T\u0142uszczu oraz Nikola Nakonieczna, Liceum Og\u00f3lnokszta\u0142c\u0105ce im. C. K. Norwida<br \/>\n&nbsp;&nbsp;&nbsp;&nbsp;&nbsp;&nbsp;&nbsp;&nbsp;&nbsp;&nbsp;&nbsp;&nbsp;&nbsp;&nbsp;&nbsp;&nbsp;&nbsp;&nbsp;&nbsp;&nbsp;&nbsp;&nbsp;&nbsp;&nbsp;&nbsp;&nbsp;w Radzyminie. <\/p>\n<p><a href=\"http:\/\/fundacjaoda.pl\/wp-content\/uploads\/2016\/11\/IMG_0393.jpg\"><img loading=\"lazy\" src=\"http:\/\/fundacjaoda.pl\/wp-content\/uploads\/2016\/11\/IMG_0393-1000x666.jpg\" style=\"margin-right: 10px;\" alt=\"img_0393\" width=\"25%\" height=\"25%\" class=\"alignnone size-medium wp-image-9688\" align=\"left\" srcset=\"http:\/\/fundacjaoda.pl\/wp-content\/uploads\/2016\/11\/IMG_0393-1000x666.jpg 1000w, http:\/\/fundacjaoda.pl\/wp-content\/uploads\/2016\/11\/IMG_0393-1024x682.jpg 1024w, http:\/\/fundacjaoda.pl\/wp-content\/uploads\/2016\/11\/IMG_0393-150x99.jpg 150w, http:\/\/fundacjaoda.pl\/wp-content\/uploads\/2016\/11\/IMG_0393.jpg 1155w\" sizes=\"(max-width: 1000px) 100vw, 1000px\" \/><\/a>Pozostali uczestnicy zostali wyr\u00f3\u017cnieni za udzia\u0142 w etapie fina\u0142owym konkursu. Poza zadaniami konkursowymi m\u0142odzie\u017c uczestniczy\u0142a wyk\u0142adach dotycz\u0105cych geografii  i historii powiatu wo\u0142omi\u0144skiego oraz budowania pozytywnego wizerunku Wo\u0142omina.<\/p>\n","protected":false},"excerpt":{"rendered":"<p>Tekst: Dorota G\u00f3recka &#8211; organizator konkursu Fina\u0142 X Powiatowego Konkursu Wiedzy z Przedsi\u0119biorczo\u015bci \u201eNASZ POWIAT\u201d odby\u0142 si\u0119 w Zespole Szk\u00f3\u0142 Ekonomicznych im. Stanis\u0142awa Staszica. Patronat nad konkursem obj\u0119li: Mazowiecki Kurator O\u015bwiaty, Starosta Wo\u0142omi\u0144ski, Powiatowy CECH Rzemios\u0142 i&nbsp;Przedsi\u0119biorczo\u015bci w Wo\u0142ominie, Fundacja ODA, Powiatowe Centrum Dziedzictwa i Tw\u00f3rczo\u015bci w Wo\u0142ominie, Tygodnik \u201eWie\u015bci \u2026 <a href=\"http:\/\/fundacjaoda.pl\/?page_id=9696\"> Continue reading <span class=\"meta-nav\">&rarr; <\/span><\/a><\/p>\n","protected":false},"author":1,"featured_media":0,"parent":0,"menu_order":0,"comment_status":"closed","ping_status":"closed","template":"","meta":[],"_links":{"self":[{"href":"http:\/\/fundacjaoda.pl\/index.php?rest_route=\/wp\/v2\/pages\/9696"}],"collection":[{"href":"http:\/\/fundacjaoda.pl\/index.php?rest_route=\/wp\/v2\/pages"}],"about":[{"href":"http:\/\/fundacjaoda.pl\/index.php?rest_route=\/wp\/v2\/types\/page"}],"author":[{"embeddable":true,"href":"http:\/\/fundacjaoda.pl\/index.php?rest_route=\/wp\/v2\/users\/1"}],"replies":[{"embeddable":true,"href":"http:\/\/fundacjaoda.pl\/index.php?rest_route=%2Fwp%2Fv2%2Fcomments&post=9696"}],"version-history":[{"count":20,"href":"http:\/\/fundacjaoda.pl\/index.php?rest_route=\/wp\/v2\/pages\/9696\/revisions"}],"predecessor-version":[{"id":9720,"href":"http:\/\/fundacjaoda.pl\/index.php?rest_route=\/wp\/v2\/pages\/9696\/revisions\/9720"}],"wp:attachment":[{"href":"http:\/\/fundacjaoda.pl\/index.php?rest_route=%2Fwp%2Fv2%2Fmedia&parent=9696"}],"curies":[{"name":"wp","href":"https:\/\/api.w.org\/{rel}","templated":true}]}}

X Powiatowy Konkurs Wiedzy z Przedsiębiorczości &#8211; 23.11.2016

<p><em>Tekst: Dorota Górecka &#8211; organizator konkursu</em></p>
<p><a href="http://fundacjaoda.pl/wp-content/uploads/2016/11/IMG_0300.jpg"><img loading="lazy" src="http://fundacjaoda.pl/wp-content/uploads/2016/11/IMG_0300.jpg" style="margin-right: 10px;" alt="img_0300" width="25%" height="25%" class="alignnone size-full wp-image-9687" align="left" srcset="http://fundacjaoda.pl/wp-content/uploads/2016/11/IMG_0300.jpg 900w, http://fundacjaoda.pl/wp-content/uploads/2016/11/IMG_0300-150x100.jpg 150w" sizes="(max-width: 900px) 100vw, 900px" /></a><a href="http://fundacjaoda.pl/wp-content/uploads/2016/11/IMG_0288.jpg"><img loading="lazy" src="http://fundacjaoda.pl/wp-content/uploads/2016/11/IMG_0288.jpg" style="margin-left: 10px;" alt="img_0288" width="25%" height="25%" class="alignnone size-full wp-image-9686" align="right" srcset="http://fundacjaoda.pl/wp-content/uploads/2016/11/IMG_0288.jpg 900w, http://fundacjaoda.pl/wp-content/uploads/2016/11/IMG_0288-150x100.jpg 150w" sizes="(max-width: 900px) 100vw, 900px" /></a>Finał X Powiatowego Konkursu Wiedzy z Przedsiębiorczości „NASZ POWIAT” odbył się w Zespole Szkół Ekonomicznych im. Stanisława Staszica. Patronat nad konkursem objęli: Mazowiecki Kurator Oświaty, Starosta Wołomiński, Powiatowy CECH Rzemiosł i&nbsp;Przedsiębiorczości w Wołominie, Fundacja ODA, Powiatowe Centrum Dziedzictwa i Twórczości w Wołominie, Tygodnik „Wieści Podwarszawskie”. Celem konkursu było rozbudzenie wśród młodzieży zainteresowania swoim regionem, jego historią oraz zachęcenie do obserwacji zmian jakie w nim zachodzą, zwrócenie uwagi na uwarunkowania geograficzne, przyrodnicze, historię oraz walory turystyczne powiatu wołomińskiego. Przez wybór tegorocznego hasła organizatorzy pragnęli rozbudzić w uczestnikach lokalny patriotyzm oraz przybliżyć sylwetki znanych osób związanych z powiatem wołomińskim. Nagrody dla uczestników konkursu ufundował Starosta Wołomiński. W konkursie wzięło udział ogółem 562 uczniów. Byli to uczniowie z 10 szkół ponadgimnazjalnych &#8211; w tym 9 szkół ponadgimnazjalnych powiatu wołomińskiego i Zespół Szkół Ponadgimnazjalnych w Łochowie &#8211; oraz 3 gimnazjów.</p>
<p>Konkurs został rozstrzygnięty w następujących kategoriach: </p>
<p>1. <strong>Konkurs plastyczno-literacki „Powiat Wołomiński &#8211; to jest moje miejsce na Ziemi”</strong><br />
&nbsp;&nbsp;&nbsp;W kategorii <strong>&#8222;Gimnazjum&#8221; </strong>nagrody otrzymali:<br />
&nbsp;&nbsp;&nbsp;&nbsp;&nbsp;I miejsce – Zofia Szczepańska Publiczne Gimnazjum im. T. Kościuszki w Dąbrówce,<br />
&nbsp;&nbsp;&nbsp;&nbsp;II miejsce – Maria Szczepańska Publiczne Gimnazjum im. T. Kościuszki w Dąbrówce,<br />
&nbsp;&nbsp;&nbsp;III miejsce – Nina Bereda-Łabędź Gimnazjum Nr 1 im. Zofii Nałkowskiej w Wołominie,<br />
&nbsp;&nbsp;&nbsp;oraz wyróżnienia:<br />
&nbsp;&nbsp;&nbsp;Tomasz Skłodowski Gimnazjum nr 1 im. Zofii Nałkowskiej w Wołominie,<br />
&nbsp;&nbsp;&nbsp;Kacper Szczepański Gimnazjum nr 1 im. Zofii Nałkowskiej w Wołominie,<br />
&nbsp;&nbsp;&nbsp;Zuzanna Adamczyk Zespół Szkół nr 5 im. Polskich Olimpijczyków w Wołominie.</p>
<p>&nbsp;&nbsp;&nbsp;Nagrodzeni uczniowie w kategorii <strong>&#8222;Szkoła ponadgimnazjalna&#8221;</strong>:<br />
&nbsp;&nbsp;&nbsp;&nbsp;&nbsp;I miejsce – Adam Kryszkiewicz, Zespół Szkół im. K.K. Baczyńskiego w Tłuszczu,<br />
&nbsp;&nbsp;&nbsp;&nbsp;II miejsce – Michał Portka, Liceum Ogólnokształcące im. Bitwy Warszawskiej 1920 roku w Urlach,<br />
&nbsp;&nbsp;&nbsp;III miejsce – Julia Kadaj, Zespół Szkół im. K.K. Baczyńskiego w Tłuszczu.</p>
<p>2. <strong>Konkurs Wiedzy z Przedsiębiorczości dla Szkół Ponadgimnazjalnych rozgrywany w dwóch etapach</strong>:<br />
&nbsp;&nbsp;&nbsp;&#8211; <strong>etap szkolny</strong> odbył się w szkołach i komisje szkolne wyłoniły po trzech laureatów z największą liczbą punktów, którzy zakwalifikowali się do finału,<br />
&nbsp;&nbsp;&nbsp;&#8211; <strong>etap powiatowy (finał)</strong> odbył 23 listopada 2016 roku w Zespole Szkół Ekonomicznych im. Stanisława Staszica w Wołominie. </p>
<p>W rywalizacji wzięło udział ogółem 540 (w samym w finale 30) uczniów, którzy w etapie szkolnym uzyskali największą liczbę punktów. Komisja, składająca się z&nbsp;nauczycieli przedmiotu podstawy przedsiębiorczości uczących w szkołach ponadgimnazjalnych, wyłoniła zwycięzców:<br />
&nbsp;&nbsp;&nbsp;&nbsp;&nbsp;I miejsce – Mateusz Ołdak, Zespół Szkół im. Prezydenta Ignacego Mościckiego w Zielonce,<br />
&nbsp;&nbsp;&nbsp;&nbsp;II miejsce &#8211; Patryk Goworek, Liceum Ogólnokształcące im. C. K. Norwida w Radzyminie oraz Arkadiusz Józwik, Zespół Szkół Ekonomicznych<br />
&nbsp;&nbsp;&nbsp;&nbsp;&nbsp;&nbsp;&nbsp;&nbsp;&nbsp;&nbsp;&nbsp;&nbsp;&nbsp;&nbsp;&nbsp;&nbsp;&nbsp;&nbsp;&nbsp;&nbsp;&nbsp;&nbsp;&nbsp;&nbsp;&nbsp;&nbsp;im. St. Staszica w Wołominie,<br />
&nbsp;&nbsp;&nbsp;III miejsce – Maciej Gelbrecht, Zespół Szkół Ponadgimnazjalnych w Łochowie,<br />
&nbsp;&nbsp;&nbsp;IV miejsce – Kacper Mróz, Zespół Szkół im. K.K. Baczyńskiego w Tłuszczu oraz Nikola Nakonieczna, Liceum Ogólnokształcące im. C. K. Norwida<br />
&nbsp;&nbsp;&nbsp;&nbsp;&nbsp;&nbsp;&nbsp;&nbsp;&nbsp;&nbsp;&nbsp;&nbsp;&nbsp;&nbsp;&nbsp;&nbsp;&nbsp;&nbsp;&nbsp;&nbsp;&nbsp;&nbsp;&nbsp;&nbsp;&nbsp;&nbsp;w Radzyminie. </p>
<p><a href="http://fundacjaoda.pl/wp-content/uploads/2016/11/IMG_0393.jpg"><img loading="lazy" src="http://fundacjaoda.pl/wp-content/uploads/2016/11/IMG_0393-1000x666.jpg" style="margin-right: 10px;" alt="img_0393" width="25%" height="25%" class="alignnone size-medium wp-image-9688" align="left" srcset="http://fundacjaoda.pl/wp-content/uploads/2016/11/IMG_0393-1000x666.jpg 1000w, http://fundacjaoda.pl/wp-content/uploads/2016/11/IMG_0393-1024x682.jpg 1024w, http://fundacjaoda.pl/wp-content/uploads/2016/11/IMG_0393-150x99.jpg 150w, http://fundacjaoda.pl/wp-content/uploads/2016/11/IMG_0393.jpg 1155w" sizes="(max-width: 1000px) 100vw, 1000px" /></a>Pozostali uczestnicy zostali wyróżnieni za udział w etapie finałowym konkursu. Poza zadaniami konkursowymi młodzież uczestniczyła wykładach dotyczących geografii  i historii powiatu wołomińskiego oraz budowania pozytywnego wizerunku Wołomina.</p>

<p>Tekst: Dorota Górecka &#8211; organizator konkursu Finał X Powiatowego Konkursu Wiedzy z Przedsiębiorczości „NASZ POWIAT” odbył się w Zespole Szkół Ekonomicznych im. Stanisława Staszica. Patronat nad konkursem objęli: Mazowiecki Kurator Oświaty, Starosta Wołomiński, Powiatowy CECH Rzemiosł i&nbsp;Przedsiębiorczości w Wołominie, Fundacja ODA, Powiatowe Centrum Dziedzictwa i Twórczości w Wołominie, Tygodnik „Wieści … <a href="http://fundacjaoda.pl/?page_id=9696"> Continue reading <span class="meta-nav">&rarr; </span></a></p>
