{"id":5611,"date":"2015-09-11T12:58:38","date_gmt":"2015-09-11T10:58:38","guid":{"rendered":"http:\/\/fundacjaoda.pl\/?page_id=5611"},"modified":"2019-04-03T14:37:03","modified_gmt":"2019-04-03T12:37:03","slug":"katarzyna-wilk","status":"publish","type":"page","link":"http:\/\/fundacjaoda.pl\/?page_id=5611","title":{"rendered":"Katarzyna Kaswen-Wilk"},"content":{"rendered":"<p><a href=\"http:\/\/fundacjaoda.pl\/wp-content\/uploads\/2015\/09\/Katarzyna-Kaswen-Wilk_mala.jpg\"><img loading=\"lazy\" src=\"http:\/\/fundacjaoda.pl\/wp-content\/uploads\/2015\/09\/Katarzyna-Kaswen-Wilk_mala.jpg\" alt=\"Katarzyna Kaswen-Wilk_mala\" style=\"margin-right: 10px;\" width=\"25%\" height=\"25%\" class=\"alignnone size-full wp-image-17167\" align=\"left\" srcset=\"http:\/\/fundacjaoda.pl\/wp-content\/uploads\/2015\/09\/Katarzyna-Kaswen-Wilk_mala.jpg 900w, http:\/\/fundacjaoda.pl\/wp-content\/uploads\/2015\/09\/Katarzyna-Kaswen-Wilk_mala-150x140.jpg 150w\" sizes=\"(max-width: 900px) 100vw, 900px\" \/><\/a>Katarzyna Kaswen-Wilk swoj\u0105 edukacj\u0119 muzyczn\u0105 rozpocz\u0119\u0142a w Szkole Muzycznej I i II Stopnia im. Witolda Lutos\u0142awskiego w Wo\u0142ominie. Pocz\u0105tkowo uczy\u0142a si\u0119 w klasie fortepianu pod okiem Paw\u0142a Rozbickiego, p\u00f3\u017aniej zmieni\u0142a instrument na flet poprzeczny. Jako dziecko zdarza\u0142o jej si\u0119 wyst\u0119powa\u0107 jako solistka w&nbsp;koncertach z wo\u0142omi\u0144skim ch\u00f3rem miejskim Cantus Cordis, kt\u00f3rego by\u0142a cz\u0142onkiem, jednak \u015bpiew klasyczny odkry\u0142a dopiero w 2006 roku za spraw\u0105 nauczycielki Maryli Gralczyk. Studia rozpocz\u0119\u0142a na Wydziale Wokalno-Aktorskim Akademii Muzycznej w Gda\u0144sku. W 2011 roku wyjecha\u0142a do Holandii jako stypendystka programu Erasmus, by studiowa\u0107 w Konserwatorium w Maastricht, gdzie uko\u0144czy\u0142a p\u00f3\u017aniej studia magisterskie. <\/p>\n<p>W ci\u0105gu swojej edukacji Katarzyna kszta\u0142ci\u0142a swoje zdolno\u015bci kursach mistrzowskich znanych \u015bpiewak\u00f3w i re\u017cyser\u00f3w, m.in.: Paul Esswood, Claudio Desderi, Charlotte Lehmann, Nelly Miricioiu, Oliver Kl\u00f6ter, itd. <\/p>\n<p>Od czasu zako\u0144czenia studi\u00f3w w 2014 roku Katarzyna zagra\u0142a m.in. rol\u0119: Zuzanny w \u201eWeselu Figara\u201d podczas festiwalu operowego SummerFest organizowanego przez Opera Theater Pittsburgh (USA), Caroliny w <em>\u201eIl matrimonio segreto\u201d<\/em> w re\u017cyserii Philippa Harnoncourta w Neuss (Niemcy), Zerliny w <em>\u201eDon Giovanni\u201d<\/em> w Lyric Opera Studio Weimar (Niemcy), Lucy w <em>\u201eOperze za trzy grosze\u201d<\/em> w Venlo (Holandia), Prizzi w <em>\u201eLa Gran esperanza!\u201d<\/em> z Opera Comique Maastricht, Ducha Ziemi w operze <em>\u201eDie Schuldigkeit des ersten Gebots\u201d<\/em> V. A. Mozarta w Eijsden (Holandia). <\/p>\n<p>Katarzyna wyst\u0119puje r\u00f3wnie\u017c jako solistka, m.in. w: serii koncert\u00f3w w Melbourne (Australia) z zespo\u0142em Sonare i Cantus Novesia z Niemiec w&nbsp;2016 r., <em>&#8222;Mszy f-moll&#8221; <\/em>A. Brucknera w Neuss (Niemcy), <em>&#8222;Requiem&#8221;<\/em> G. Faure w Verviers (Belgia),<em> <em>&#8222;Stworzeniu \u015bwiata&#8221;<\/em><\/em> J. Haydna, czy <em>&#8222;Pasji wg \u015bw. Jana&#8221;<\/em> J. S. Bacha w teatrze w Heerlen (Holandia). <\/p>\n<p>Katarzyna jest laureatk\u0105 takich konkurs\u00f3w jak: International Singing Competition w Verviers (Belgia), 2nd International Organ-Vocal Competition in Neuss (Niemcy), Concours Kasteel Doorwerth \u2013 drugie miejsce i nagroda publiczno\u015bci (Holandia). By\u0142a te\u017c finalistk\u0105 konkursu Music Award Maastricht  2014.<\/p>\n<p><a href=\"http:\/\/fundacjaoda.pl\/?p=5604\" title=\"Koncert Katarzyny Wilk \u2013 15.09.2015 r.\"><strong>Powr\u00f3t<\/strong><\/a><\/p>\n","protected":false},"excerpt":{"rendered":"<p>Katarzyna Kaswen-Wilk swoj\u0105 edukacj\u0119 muzyczn\u0105 rozpocz\u0119\u0142a w Szkole Muzycznej I i II Stopnia im. Witolda Lutos\u0142awskiego w Wo\u0142ominie. Pocz\u0105tkowo uczy\u0142a si\u0119 w klasie fortepianu pod okiem Paw\u0142a Rozbickiego, p\u00f3\u017aniej zmieni\u0142a instrument na flet poprzeczny. Jako dziecko zdarza\u0142o jej si\u0119 wyst\u0119powa\u0107 jako solistka w&nbsp;koncertach z wo\u0142omi\u0144skim ch\u00f3rem miejskim Cantus Cordis, kt\u00f3rego \u2026 <a href=\"http:\/\/fundacjaoda.pl\/?page_id=5611\"> Continue reading <span class=\"meta-nav\">&rarr; <\/span><\/a><\/p>\n","protected":false},"author":1,"featured_media":0,"parent":0,"menu_order":0,"comment_status":"closed","ping_status":"closed","template":"","meta":[],"_links":{"self":[{"href":"http:\/\/fundacjaoda.pl\/index.php?rest_route=\/wp\/v2\/pages\/5611"}],"collection":[{"href":"http:\/\/fundacjaoda.pl\/index.php?rest_route=\/wp\/v2\/pages"}],"about":[{"href":"http:\/\/fundacjaoda.pl\/index.php?rest_route=\/wp\/v2\/types\/page"}],"author":[{"embeddable":true,"href":"http:\/\/fundacjaoda.pl\/index.php?rest_route=\/wp\/v2\/users\/1"}],"replies":[{"embeddable":true,"href":"http:\/\/fundacjaoda.pl\/index.php?rest_route=%2Fwp%2Fv2%2Fcomments&post=5611"}],"version-history":[{"count":18,"href":"http:\/\/fundacjaoda.pl\/index.php?rest_route=\/wp\/v2\/pages\/5611\/revisions"}],"predecessor-version":[{"id":17171,"href":"http:\/\/fundacjaoda.pl\/index.php?rest_route=\/wp\/v2\/pages\/5611\/revisions\/17171"}],"wp:attachment":[{"href":"http:\/\/fundacjaoda.pl\/index.php?rest_route=%2Fwp%2Fv2%2Fmedia&parent=5611"}],"curies":[{"name":"wp","href":"https:\/\/api.w.org\/{rel}","templated":true}]}}

<p><a href="http://fundacjaoda.pl/wp-content/uploads/2015/09/Katarzyna-Kaswen-Wilk_mala.jpg"><img loading="lazy" src="http://fundacjaoda.pl/wp-content/uploads/2015/09/Katarzyna-Kaswen-Wilk_mala.jpg" alt="Katarzyna Kaswen-Wilk_mala" style="margin-right: 10px;" width="25%" height="25%" class="alignnone size-full wp-image-17167" align="left" srcset="http://fundacjaoda.pl/wp-content/uploads/2015/09/Katarzyna-Kaswen-Wilk_mala.jpg 900w, http://fundacjaoda.pl/wp-content/uploads/2015/09/Katarzyna-Kaswen-Wilk_mala-150x140.jpg 150w" sizes="(max-width: 900px) 100vw, 900px" /></a>Katarzyna Kaswen-Wilk swoją edukację muzyczną rozpoczęła w Szkole Muzycznej I i II Stopnia im. Witolda Lutosławskiego w Wołominie. Początkowo uczyła się w klasie fortepianu pod okiem Pawła Rozbickiego, później zmieniła instrument na flet poprzeczny. Jako dziecko zdarzało jej się występować jako solistka w&nbsp;koncertach z wołomińskim chórem miejskim Cantus Cordis, którego była członkiem, jednak śpiew klasyczny odkryła dopiero w 2006 roku za sprawą nauczycielki Maryli Gralczyk. Studia rozpoczęła na Wydziale Wokalno-Aktorskim Akademii Muzycznej w Gdańsku. W 2011 roku wyjechała do Holandii jako stypendystka programu Erasmus, by studiować w Konserwatorium w Maastricht, gdzie ukończyła później studia magisterskie. </p>
<p>W ciągu swojej edukacji Katarzyna kształciła swoje zdolności kursach mistrzowskich znanych śpiewaków i reżyserów, m.in.: Paul Esswood, Claudio Desderi, Charlotte Lehmann, Nelly Miricioiu, Oliver Klöter, itd. </p>
<p>Od czasu zakończenia studiów w 2014 roku Katarzyna zagrała m.in. rolę: Zuzanny w „Weselu Figara” podczas festiwalu operowego SummerFest organizowanego przez Opera Theater Pittsburgh (USA), Caroliny w <em>„Il matrimonio segreto”</em> w reżyserii Philippa Harnoncourta w Neuss (Niemcy), Zerliny w <em>„Don Giovanni”</em> w Lyric Opera Studio Weimar (Niemcy), Lucy w <em>„Operze za trzy grosze”</em> w Venlo (Holandia), Prizzi w <em>„La Gran esperanza!”</em> z Opera Comique Maastricht, Ducha Ziemi w operze <em>„Die Schuldigkeit des ersten Gebots”</em> V. A. Mozarta w Eijsden (Holandia). </p>
<p>Katarzyna występuje również jako solistka, m.in. w: serii koncertów w Melbourne (Australia) z zespołem Sonare i Cantus Novesia z Niemiec w&nbsp;2016 r., <em>&#8222;Mszy f-moll&#8221; </em>A. Brucknera w Neuss (Niemcy), <em>&#8222;Requiem&#8221;</em> G. Faure w Verviers (Belgia),<em> <em>&#8222;Stworzeniu świata&#8221;</em></em> J. Haydna, czy <em>&#8222;Pasji wg św. Jana&#8221;</em> J. S. Bacha w teatrze w Heerlen (Holandia). </p>
<p>Katarzyna jest laureatką takich konkursów jak: International Singing Competition w Verviers (Belgia), 2nd International Organ-Vocal Competition in Neuss (Niemcy), Concours Kasteel Doorwerth – drugie miejsce i nagroda publiczności (Holandia). Była też finalistką konkursu Music Award Maastricht  2014.</p>
<p><a href="http://fundacjaoda.pl/?p=5604" title="Koncert Katarzyny Wilk – 15.09.2015 r."><strong>Powrót</strong></a></p>

<p>Katarzyna Kaswen-Wilk swoją edukację muzyczną rozpoczęła w Szkole Muzycznej I i II Stopnia im. Witolda Lutosławskiego w Wołominie. Początkowo uczyła się w klasie fortepianu pod okiem Pawła Rozbickiego, później zmieniła instrument na flet poprzeczny. Jako dziecko zdarzało jej się występować jako solistka w&nbsp;koncertach z wołomińskim chórem miejskim Cantus Cordis, którego … <a href="http://fundacjaoda.pl/?page_id=5611"> Continue reading <span class="meta-nav">&rarr; </span></a></p>
