{"id":5609,"date":"2015-09-11T12:45:56","date_gmt":"2015-09-11T10:45:56","guid":{"rendered":"http:\/\/fundacjaoda.pl\/?page_id=5609"},"modified":"2023-05-06T20:12:32","modified_gmt":"2023-05-06T18:12:32","slug":"anna-kornacka","status":"publish","type":"page","link":"http:\/\/fundacjaoda.pl\/?page_id=5609","title":{"rendered":"Anna Kornacka"},"content":{"rendered":"<p><a href=\"http:\/\/fundacjaoda.pl\/wp-content\/uploads\/2015\/09\/Anna-Kornacka.jpg\"><img loading=\"lazy\" class=\"alignnone size-full wp-image-5629\" style=\"margin-right: 10px;\" src=\"http:\/\/fundacjaoda.pl\/wp-content\/uploads\/2015\/09\/Anna-Kornacka.jpg\" alt=\"Anna Kornacka\" width=\"25%\" height=\"25%\" align=\"left\" srcset=\"http:\/\/fundacjaoda.pl\/wp-content\/uploads\/2015\/09\/Anna-Kornacka.jpg 285w, http:\/\/fundacjaoda.pl\/wp-content\/uploads\/2015\/09\/Anna-Kornacka-126x150.jpg 126w\" sizes=\"(max-width: 285px) 100vw, 285px\" \/><\/a>Anna Kornacka &#8211; pianistka, absolwentka Akademii Muzycznej im. Fryderyka Chopina w Warszawie i\u00a0Uniwersytetu im. Jana Gutenberga w Moguncji (Niemcy). Koncertowa\u0142a z Filharmoni\u0105 Opolsk\u0105 i Orkiestr\u0105 Polskiego Radia w Warszawie, nagra\u0142a utwory Gra\u017cyny Bacewicz dla Polskiego Radia. Mia\u0142a swoje recitale w Niemczech i Luksemburgu. Jest zwi\u0105zana z \u017cyciem muzycznym Mazowsza wsp\u00f3\u0142pracuj\u0105c z Izb\u0105 Muzealn\u0105 Po\u015bwi\u0119con\u0105 Rodzinie Wodiczk\u00f3w i Fundacj\u0105 \u201eOda\u201d\u00a0w Wo\u0142ominie. Razem z flecistk\u0105, Beat\u0105 Kierzkowsk\u0105, zainicjowa\u0142a cykl Podwieczork\u00f3w Muzycznych dla dzieci, kt\u00f3re od 2014 r. odbywaj\u0105 si\u0119 co miesi\u0105c w\u00a0siedzibie Izby. W 2018 r. zosta\u0142a laureatk\u0105 konkursu \u201eWo\u0142omi\u0144skie Magnolie\u201d, promuj\u0105cego inspiruj\u0105ce, aktywne kobiety, kt\u00f3re swoj\u0105 dzia\u0142alno\u015bci\u0105 wspieraj\u0105 rozw\u00f3j lokalnej kultury.<\/p>\n<p>Od 2007 roku prowadzi klas\u0119 fortepianu i akompaniuje w Miejskiej Szkole Artystycznej im. Konstantego Ryszarda Domaga\u0142y w Mi\u0144sku Mazowieckim.<\/p>\n<p>W 2021 r. zosta\u0142a odznaczona odznak\u0105 \u201eZas\u0142u\u017cony dla Kultury Polskiej\u201d.<\/p>\n","protected":false},"excerpt":{"rendered":"<p>Anna Kornacka &#8211; pianistka, absolwentka Akademii Muzycznej im. Fryderyka Chopina w Warszawie i\u00a0Uniwersytetu im. Jana Gutenberga w Moguncji (Niemcy). Koncertowa\u0142a z Filharmoni\u0105 Opolsk\u0105 i Orkiestr\u0105 Polskiego Radia w Warszawie, nagra\u0142a utwory Gra\u017cyny Bacewicz dla Polskiego Radia. Mia\u0142a swoje recitale w Niemczech i Luksemburgu. Jest zwi\u0105zana z \u017cyciem muzycznym Mazowsza wsp\u00f3\u0142pracuj\u0105c \u2026 <a href=\"http:\/\/fundacjaoda.pl\/?page_id=5609\"> Continue reading <span class=\"meta-nav\">&rarr; <\/span><\/a><\/p>\n","protected":false},"author":1,"featured_media":0,"parent":0,"menu_order":0,"comment_status":"closed","ping_status":"closed","template":"","meta":[],"_links":{"self":[{"href":"http:\/\/fundacjaoda.pl\/index.php?rest_route=\/wp\/v2\/pages\/5609"}],"collection":[{"href":"http:\/\/fundacjaoda.pl\/index.php?rest_route=\/wp\/v2\/pages"}],"about":[{"href":"http:\/\/fundacjaoda.pl\/index.php?rest_route=\/wp\/v2\/types\/page"}],"author":[{"embeddable":true,"href":"http:\/\/fundacjaoda.pl\/index.php?rest_route=\/wp\/v2\/users\/1"}],"replies":[{"embeddable":true,"href":"http:\/\/fundacjaoda.pl\/index.php?rest_route=%2Fwp%2Fv2%2Fcomments&post=5609"}],"version-history":[{"count":14,"href":"http:\/\/fundacjaoda.pl\/index.php?rest_route=\/wp\/v2\/pages\/5609\/revisions"}],"predecessor-version":[{"id":19437,"href":"http:\/\/fundacjaoda.pl\/index.php?rest_route=\/wp\/v2\/pages\/5609\/revisions\/19437"}],"wp:attachment":[{"href":"http:\/\/fundacjaoda.pl\/index.php?rest_route=%2Fwp%2Fv2%2Fmedia&parent=5609"}],"curies":[{"name":"wp","href":"https:\/\/api.w.org\/{rel}","templated":true}]}}

<p><a href="http://fundacjaoda.pl/wp-content/uploads/2015/09/Anna-Kornacka.jpg"><img loading="lazy" class="alignnone size-full wp-image-5629" style="margin-right: 10px;" src="http://fundacjaoda.pl/wp-content/uploads/2015/09/Anna-Kornacka.jpg" alt="Anna Kornacka" width="25%" height="25%" align="left" srcset="http://fundacjaoda.pl/wp-content/uploads/2015/09/Anna-Kornacka.jpg 285w, http://fundacjaoda.pl/wp-content/uploads/2015/09/Anna-Kornacka-126x150.jpg 126w" sizes="(max-width: 285px) 100vw, 285px" /></a>Anna Kornacka &#8211; pianistka, absolwentka Akademii Muzycznej im. Fryderyka Chopina w Warszawie i Uniwersytetu im. Jana Gutenberga w Moguncji (Niemcy). Koncertowała z Filharmonią Opolską i Orkiestrą Polskiego Radia w Warszawie, nagrała utwory Grażyny Bacewicz dla Polskiego Radia. Miała swoje recitale w Niemczech i Luksemburgu. Jest związana z życiem muzycznym Mazowsza współpracując z Izbą Muzealną Poświęconą Rodzinie Wodiczków i Fundacją „Oda” w Wołominie. Razem z flecistką, Beatą Kierzkowską, zainicjowała cykl Podwieczorków Muzycznych dla dzieci, które od 2014 r. odbywają się co miesiąc w siedzibie Izby. W 2018 r. została laureatką konkursu „Wołomińskie Magnolie”, promującego inspirujące, aktywne kobiety, które swoją działalnością wspierają rozwój lokalnej kultury.</p>
<p>Od 2007 roku prowadzi klasę fortepianu i akompaniuje w Miejskiej Szkole Artystycznej im. Konstantego Ryszarda Domagały w Mińsku Mazowieckim.</p>
<p>W 2021 r. została odznaczona odznaką „Zasłużony dla Kultury Polskiej”.</p>

<p>Anna Kornacka &#8211; pianistka, absolwentka Akademii Muzycznej im. Fryderyka Chopina w Warszawie i Uniwersytetu im. Jana Gutenberga w Moguncji (Niemcy). Koncertowała z Filharmonią Opolską i Orkiestrą Polskiego Radia w Warszawie, nagrała utwory Grażyny Bacewicz dla Polskiego Radia. Miała swoje recitale w Niemczech i Luksemburgu. Jest związana z życiem muzycznym Mazowsza współpracując … <a href="http://fundacjaoda.pl/?page_id=5609"> Continue reading <span class="meta-nav">&rarr; </span></a></p>
