{"id":19953,"date":"2024-04-26T13:16:28","date_gmt":"2024-04-26T11:16:28","guid":{"rendered":"http:\/\/fundacjaoda.pl\/?page_id=19953"},"modified":"2025-05-06T13:39:53","modified_gmt":"2025-05-06T11:39:53","slug":"sylwia-knap","status":"publish","type":"page","link":"http:\/\/fundacjaoda.pl\/?page_id=19953","title":{"rendered":"Sylwia Knap"},"content":{"rendered":"\n<p><a href=\"http:\/\/fundacjaoda.pl\/wp-content\/uploads\/2024\/04\/Sylwia-Knap_2.jpg\"><img loading=\"lazy\" class=\"alignnone size-full wp-image-7216\" style=\"margin-right: 10px;\" src=\"http:\/\/fundacjaoda.pl\/wp-content\/uploads\/2024\/04\/Sylwia-Knap_2.jpg\" alt=\"Aleksander Teliga\" width=\"174\" height=\"290\" align=\"left\"><\/a> Sylwia Knap \u2013 skrzypaczka, pochodzi z rodziny muzycznej. W wieku lat 7 rozpocz\u0119\u0142a nauk\u0119 gry na skrzypcach. Uko\u0144czy\u0142a Liceum Muzyczne im. Karola Szymanowskiego w Warszawie w klasie prof. Ewy Kowar-Miko\u0142ajczyk, a&nbsp;nast\u0119pnie Akademi\u0119 Muzyczn\u0105 im. Fryderyka Chopina (obecnie UMFC im. Fryderyka Chopina w Warszawie) w&nbsp;klasie skrzypiec prof. Paw\u0142a \u0141osakiewicza (dyplom z wyr\u00f3\u017cnieniem). Doskonali\u0142a swoje umiej\u0119tno\u015bci podczas kurs\u00f3w mistrzowskich w \u0141a\u0144cucie i G\u0142ucho\u0142azach pracuj\u0105c pod kierunkiem m.in.prof. Miros\u0142awa \u0141awrynowicza i&nbsp;prof. Tomasza Tomaszewskiego. W dziedzinie kameralistyki kszta\u0142ci\u0142a si\u0119 pod okiem tak uznanych muzyk\u00f3w i&nbsp;pedagog\u00f3w jak Maciej Paderewski, Maja Nosowska, Krystyna Boruci\u0144ska czy Ryszard Du\u017a. Jest laureatk\u0105 III nagrody na Konkursie Zespo\u0142\u00f3w Kameralnych w Warszawie (1994) i III nagrody na Mi\u0119dzynarodowym Konkursie Muzyki Kameralnej im. Kiejstuta Bacewicza w \u0141odzi (1998), a tak\u017ce p\u00f3\u0142finalistk\u0105 Mi\u0119dzynarodowego Konkursu im. Johannesa Brahmsa w Portschach w Austrii (2000). W 2001 roku wraz z pianistk\u0105 Mi\u0142os\u0142aw\u0105 Brzezi\u0144sk\u0105 wyst\u0105pi\u0142a z recitalem w Teatrze im. Meliny Mercouri podczas Mi\u0119dzynarodowego Festiwalu w Salonikach (Grecja). W 2002 roku wykona\u0142a w&nbsp;ZAIKS-ie kompozycj\u0119 Joachima Olku\u015bnika, &#8222;Sekwencje&#8221; na skrzypce i fortepian podczas jubileuszu kompozytora.<\/p>\n<p>W trakcie studi\u00f3w podj\u0119\u0142a wsp\u00f3\u0142prac\u0119 z orkiestr\u0105 kameraln\u0105 Concerto Avenna pod dyr. Andrzeja Mysi\u0144skiego, z kt\u00f3r\u0105 zwi\u0105zana by\u0142a przez 17 lat, niejednokrotnie prowadz\u0105c grup\u0119 II skrzypiec, a tak\u017ce wyst\u0119puj\u0105c nie tylko jako muzyk-kameralista, ale r\u00f3wnie\u017c jako solistka. Ponadto wsp\u00f3\u0142pracowa\u0142a z takimi orkiestrami, jak Vratislavia, Chopin Academia Orchestra, Nowa Orkiestra Kameralna, Ma\u0142a Filharmonia, The New Art. Ensemble, Warsaw Camerata. Koncertowa\u0142a w kraju i za granic\u0105 (Niemcy, Austria, Francja, Belgia, Dania, Hiszpania, Japonia i Zjednoczone Emiraty Arabskie).<\/p>\n<p>W 2011 roku uko\u0144czy\u0142a Podyplomowe Studia Mened\u017cerskie na Wydziale Zarz\u0105dzania Uniwersytetu Warszawskiego, a tak\u017ce zda\u0142a egzamin z&nbsp;j\u0119zyka angielskiego TOEFL.<\/p>\n<p>W 2011 roku uko\u0144czy\u0142a Podyplomowe Studia Mened\u017cerskie na Wydziale Zarz\u0105dzania Uniwersytetu Warszawskiego, a tak\u017ce zda\u0142a egzamin z&nbsp;j\u0119zyka angielskiego TOEFL. W tym samym roku wyst\u0105pi\u0142a podczas Europejskich Dni Dziedzictwa wraz z pianistk\u0105 i dyrygent Mart\u0105 Kluczy\u0144sk\u0105 w&nbsp;koncercie u\u015bwietniaj\u0105cym otwarcie Izby Muzealnej po\u015bwi\u0119conej pami\u0119ci wybitnego polskiego dyrygenta Bohdana Wodiczko.<\/p>\n<p>Od stycznia 2012 roku jest etatowym muzykiem Orkiestry Polskiego Radia w Warszawie \u2013 I skrzypce (dawniej Polskiej Orkiestry Radiowej). Niejednokrotnie pe\u0142ni\u0142a (w zast\u0119pstwie) funkcj\u0119 koncertmistrza tej\u017ce orkiestry m.in. podczas fina\u0142u Konkursu Eurowizji &#8222;M\u0142ody Muzyk Roku\u201d, Krajowego Festiwalu Piosenki Polskiej w Opolu czy podczas koncertu pod dyr. Hamara Zsolta w Studio Koncertowym im. Witolda Lutos\u0142awskiego, a tak\u017ce podczas Muzycznej Fiesty Andrzeja Olejniczaka pod dyr. Krzesimira D\u0119bskiego, Koncertu Muzyki Filmowej Hans Zimmer Tribute Show w&nbsp;katowickim Spodku oraz wielu nagra\u0144.<\/p>\n<p>Koncertuje tak\u017ce jako muzyk \u2013 kameralistka. W sierpniu 2018 wyst\u0105pi\u0142a go\u015bcinnie jako cz\u0142onek Kwartetu &#8222;Wilan\u00f3w\u201d wraz z wiolonczelist\u0105 Tomaszem Strahlem i kontrabasist\u0105 Adamem Bogackim podczas Galowego Koncertu Mistrzowskich Kurs\u00f3w Muzycznych im. Macieja Paderewskiego w Oran\u017cerii Pa\u0142acu w Wilanowie wykonuj\u0105c Elegi\u0119 Henryka Miko\u0142aja G\u00f3reckiego na wiolonczel\u0119 solo i kwintet smyczkowy. Ma r\u00f3wnie\u017c bogaty repertuar duet\u00f3w na skrzypce i harf\u0119. Ostatnio wsp\u00f3\u0142pracuje z wybitn\u0105 polsk\u0105 harfistk\u0105 Ann\u0105 Sikorzak-Olek oraz skrzypaczk\u0105 Sylwi\u0105 Mierzejewsk\u0105.<\/p>\n<p>Uczestniczy\u0142a w wielu nagraniach muzyki do film\u00f3w polskich i zagranicznych, a tak\u017ce do sztuk teatralnych.<\/p>\n<p>Od lat jej pasj\u0105 jest opera i \u015bpiew operowy. Kszta\u0142ci\u0142a g\u0142os u swojej matki Barbary Rusin-Knap. Debiutowa\u0142a jako Adela w &#8222;Zem\u015bcie nietoperza&#8221; J.&nbsp;Straussa na deskach Teatru Muzycznego w \u0141odzi. Z zespo\u0142em tym odby\u0142a liczne tourn\u00e9e po Niemczech i Belgii \u015bpiewaj\u0105c w Johann Strauss Gala, Gali Noworocznej oraz jako Pamina w &#8222;Czarodziejskim flecie&#8221; W. A. Mozarta. Wsp\u00f3\u0142pracowa\u0142a tak\u017ce z Oper\u0105 \u015al\u0105sk\u0105 w Bytomiu, gdzie kreowa\u0142a partie Adeli w &#8222;Zem\u015bcie nietoperza&#8221; J. Straussa, Paminy w &#8222;Czarodziejskim flecie\u201d W. A. Mozarta oraz Hanny w &#8222;Strasznym dworze&#8221; St.&nbsp;Moniuszki. Ponadto wyst\u0119powa\u0142a jako Anastazja w &#8222;Ksi\u0119\u017cniczce czardasza&#8221; E. Kalmana (Teatr Wielki w \u0141odzi) i Hodel w &#8222;Skrzypku na dachu&#8221; J. Bocka z&nbsp;P\u0142ock\u0105 Orkiestr\u0105 Symfoniczn\u0105. W swoim dorobku ma liczne partie oratoryjne oraz pie\u015bni.<\/p>\n\n\n\n<p><\/p>\n\n\n\n<p><\/p>\n\n\n\n<p><\/p>\n\n\n\n<p><\/p>\n\n\n\n<p><\/p>\n\n\n\n<p><\/p>\n\n\n\n<p><\/p>\n\n\n\n<p><\/p>\n","protected":false},"excerpt":{"rendered":"<p>Sylwia Knap \u2013 skrzypaczka, pochodzi z rodziny muzycznej. W wieku lat 7 rozpocz\u0119\u0142a nauk\u0119 gry na skrzypcach. Uko\u0144czy\u0142a Liceum Muzyczne im. Karola Szymanowskiego w Warszawie w klasie prof. Ewy Kowar-Miko\u0142ajczyk, a&nbsp;nast\u0119pnie Akademi\u0119 Muzyczn\u0105 im. Fryderyka Chopina (obecnie UMFC im. Fryderyka Chopina w Warszawie) w&nbsp;klasie skrzypiec prof. Paw\u0142a \u0141osakiewicza (dyplom z \u2026 <a href=\"http:\/\/fundacjaoda.pl\/?page_id=19953\"> Continue reading <span class=\"meta-nav\">&rarr; <\/span><\/a><\/p>\n","protected":false},"author":1,"featured_media":0,"parent":0,"menu_order":0,"comment_status":"closed","ping_status":"closed","template":"","meta":[],"_links":{"self":[{"href":"http:\/\/fundacjaoda.pl\/index.php?rest_route=\/wp\/v2\/pages\/19953"}],"collection":[{"href":"http:\/\/fundacjaoda.pl\/index.php?rest_route=\/wp\/v2\/pages"}],"about":[{"href":"http:\/\/fundacjaoda.pl\/index.php?rest_route=\/wp\/v2\/types\/page"}],"author":[{"embeddable":true,"href":"http:\/\/fundacjaoda.pl\/index.php?rest_route=\/wp\/v2\/users\/1"}],"replies":[{"embeddable":true,"href":"http:\/\/fundacjaoda.pl\/index.php?rest_route=%2Fwp%2Fv2%2Fcomments&post=19953"}],"version-history":[{"count":17,"href":"http:\/\/fundacjaoda.pl\/index.php?rest_route=\/wp\/v2\/pages\/19953\/revisions"}],"predecessor-version":[{"id":20416,"href":"http:\/\/fundacjaoda.pl\/index.php?rest_route=\/wp\/v2\/pages\/19953\/revisions\/20416"}],"wp:attachment":[{"href":"http:\/\/fundacjaoda.pl\/index.php?rest_route=%2Fwp%2Fv2%2Fmedia&parent=19953"}],"curies":[{"name":"wp","href":"https:\/\/api.w.org\/{rel}","templated":true}]}}

<p><a href="http://fundacjaoda.pl/wp-content/uploads/2024/04/Sylwia-Knap_2.jpg"><img loading="lazy" class="alignnone size-full wp-image-7216" style="margin-right: 10px;" src="http://fundacjaoda.pl/wp-content/uploads/2024/04/Sylwia-Knap_2.jpg" alt="Aleksander Teliga" width="174" height="290" align="left"></a> Sylwia Knap – skrzypaczka, pochodzi z rodziny muzycznej. W wieku lat 7 rozpoczęła naukę gry na skrzypcach. Ukończyła Liceum Muzyczne im. Karola Szymanowskiego w Warszawie w klasie prof. Ewy Kowar-Mikołajczyk, a&nbsp;następnie Akademię Muzyczną im. Fryderyka Chopina (obecnie UMFC im. Fryderyka Chopina w Warszawie) w&nbsp;klasie skrzypiec prof. Pawła Łosakiewicza (dyplom z wyróżnieniem). Doskonaliła swoje umiejętności podczas kursów mistrzowskich w Łańcucie i Głuchołazach pracując pod kierunkiem m.in.prof. Mirosława Ławrynowicza i&nbsp;prof. Tomasza Tomaszewskiego. W dziedzinie kameralistyki kształciła się pod okiem tak uznanych muzyków i&nbsp;pedagogów jak Maciej Paderewski, Maja Nosowska, Krystyna Borucińska czy Ryszard Duź. Jest laureatką III nagrody na Konkursie Zespołów Kameralnych w Warszawie (1994) i III nagrody na Międzynarodowym Konkursie Muzyki Kameralnej im. Kiejstuta Bacewicza w Łodzi (1998), a także półfinalistką Międzynarodowego Konkursu im. Johannesa Brahmsa w Portschach w Austrii (2000). W 2001 roku wraz z pianistką Miłosławą Brzezińską wystąpiła z recitalem w Teatrze im. Meliny Mercouri podczas Międzynarodowego Festiwalu w Salonikach (Grecja). W 2002 roku wykonała w&nbsp;ZAIKS-ie kompozycję Joachima Olkuśnika, &#8222;Sekwencje&#8221; na skrzypce i fortepian podczas jubileuszu kompozytora.</p>
<p>W trakcie studiów podjęła współpracę z orkiestrą kameralną Concerto Avenna pod dyr. Andrzeja Mysińskiego, z którą związana była przez 17 lat, niejednokrotnie prowadząc grupę II skrzypiec, a także występując nie tylko jako muzyk-kameralista, ale również jako solistka. Ponadto współpracowała z takimi orkiestrami, jak Vratislavia, Chopin Academia Orchestra, Nowa Orkiestra Kameralna, Mała Filharmonia, The New Art. Ensemble, Warsaw Camerata. Koncertowała w kraju i za granicą (Niemcy, Austria, Francja, Belgia, Dania, Hiszpania, Japonia i Zjednoczone Emiraty Arabskie).</p>
<p>W 2011 roku ukończyła Podyplomowe Studia Menedżerskie na Wydziale Zarządzania Uniwersytetu Warszawskiego, a także zdała egzamin z&nbsp;języka angielskiego TOEFL.</p>
<p>W 2011 roku ukończyła Podyplomowe Studia Menedżerskie na Wydziale Zarządzania Uniwersytetu Warszawskiego, a także zdała egzamin z&nbsp;języka angielskiego TOEFL. W tym samym roku wystąpiła podczas Europejskich Dni Dziedzictwa wraz z pianistką i dyrygent Martą Kluczyńską w&nbsp;koncercie uświetniającym otwarcie Izby Muzealnej poświęconej pamięci wybitnego polskiego dyrygenta Bohdana Wodiczko.</p>
<p>Od stycznia 2012 roku jest etatowym muzykiem Orkiestry Polskiego Radia w Warszawie – I skrzypce (dawniej Polskiej Orkiestry Radiowej). Niejednokrotnie pełniła (w zastępstwie) funkcję koncertmistrza tejże orkiestry m.in. podczas finału Konkursu Eurowizji &#8222;Młody Muzyk Roku”, Krajowego Festiwalu Piosenki Polskiej w Opolu czy podczas koncertu pod dyr. Hamara Zsolta w Studio Koncertowym im. Witolda Lutosławskiego, a także podczas Muzycznej Fiesty Andrzeja Olejniczaka pod dyr. Krzesimira Dębskiego, Koncertu Muzyki Filmowej Hans Zimmer Tribute Show w&nbsp;katowickim Spodku oraz wielu nagrań.</p>
<p>Koncertuje także jako muzyk – kameralistka. W sierpniu 2018 wystąpiła gościnnie jako członek Kwartetu &#8222;Wilanów” wraz z wiolonczelistą Tomaszem Strahlem i kontrabasistą Adamem Bogackim podczas Galowego Koncertu Mistrzowskich Kursów Muzycznych im. Macieja Paderewskiego w Oranżerii Pałacu w Wilanowie wykonując Elegię Henryka Mikołaja Góreckiego na wiolonczelę solo i kwintet smyczkowy. Ma również bogaty repertuar duetów na skrzypce i harfę. Ostatnio współpracuje z wybitną polską harfistką Anną Sikorzak-Olek oraz skrzypaczką Sylwią Mierzejewską.</p>
<p>Uczestniczyła w wielu nagraniach muzyki do filmów polskich i zagranicznych, a także do sztuk teatralnych.</p>
<p>Od lat jej pasją jest opera i śpiew operowy. Kształciła głos u swojej matki Barbary Rusin-Knap. Debiutowała jako Adela w &#8222;Zemście nietoperza&#8221; J.&nbsp;Straussa na deskach Teatru Muzycznego w Łodzi. Z zespołem tym odbyła liczne tournée po Niemczech i Belgii śpiewając w Johann Strauss Gala, Gali Noworocznej oraz jako Pamina w &#8222;Czarodziejskim flecie&#8221; W. A. Mozarta. Współpracowała także z Operą Śląską w Bytomiu, gdzie kreowała partie Adeli w &#8222;Zemście nietoperza&#8221; J. Straussa, Paminy w &#8222;Czarodziejskim flecie” W. A. Mozarta oraz Hanny w &#8222;Strasznym dworze&#8221; St.&nbsp;Moniuszki. Ponadto występowała jako Anastazja w &#8222;Księżniczce czardasza&#8221; E. Kalmana (Teatr Wielki w Łodzi) i Hodel w &#8222;Skrzypku na dachu&#8221; J. Bocka z&nbsp;Płocką Orkiestrą Symfoniczną. W swoim dorobku ma liczne partie oratoryjne oraz pieśni.</p>



<p></p>



<p></p>



<p></p>



<p></p>



<p></p>



<p></p>



<p></p>



<p></p>

<p>Sylwia Knap – skrzypaczka, pochodzi z rodziny muzycznej. W wieku lat 7 rozpoczęła naukę gry na skrzypcach. Ukończyła Liceum Muzyczne im. Karola Szymanowskiego w Warszawie w klasie prof. Ewy Kowar-Mikołajczyk, a&nbsp;następnie Akademię Muzyczną im. Fryderyka Chopina (obecnie UMFC im. Fryderyka Chopina w Warszawie) w&nbsp;klasie skrzypiec prof. Pawła Łosakiewicza (dyplom z … <a href="http://fundacjaoda.pl/?page_id=19953"> Continue reading <span class="meta-nav">&rarr; </span></a></p>
