{"id":14687,"date":"2018-05-09T12:01:13","date_gmt":"2018-05-09T10:01:13","guid":{"rendered":"http:\/\/fundacjaoda.pl\/?page_id=14687"},"modified":"2018-05-09T12:26:57","modified_gmt":"2018-05-09T10:26:57","slug":"roztanczone-skrzypce","status":"publish","type":"page","link":"http:\/\/fundacjaoda.pl\/?page_id=14687","title":{"rendered":"Rozta\u0144czone skrzypce"},"content":{"rendered":"<p><em>Autor: Beata \u017burawska<\/em><\/p>\n<p><a href=\"http:\/\/fundacjaoda.pl\/wp-content\/uploads\/2018\/04\/IMG_5284.jpg\"><img loading=\"lazy\" src=\"http:\/\/fundacjaoda.pl\/wp-content\/uploads\/2018\/04\/IMG_5284.jpg\" alt=\"IMG_5284\" style=\"margin-left: 15px;\" width=\"15%\" height=\"15%\" class=\"alignnone size-full wp-image-14572\" align=\"right\" srcset=\"http:\/\/fundacjaoda.pl\/wp-content\/uploads\/2018\/04\/IMG_5284.jpg 600w, http:\/\/fundacjaoda.pl\/wp-content\/uploads\/2018\/04\/IMG_5284-100x150.jpg 100w\" sizes=\"(max-width: 600px) 100vw, 600px\" \/><\/a>W niedziel\u0119 15 kwietnia zainaugurowali\u015bmy nowy sezon koncertowy dla dzieci. W ramach \u201ePodwieczorku muzycznego dla dzieci\u201d do niezwyk\u0142ej d\u017awi\u0119kowej krainy porwa\u0142y nas instrumenty strunowe: skrzypce, alt\u00f3wka i&nbsp;gitara. Jak zawsze licznie przyby\u0142ych go\u015bci powita\u0142a i spotkanie poprowadzi\u0142a <strong>Ma\u0142gorzata Chmielewska<\/strong>. W roli solisty wyst\u0105pi\u0142 skrzypek <strong>Piotr Grabowicz<\/strong>. Akompaniowa\u0142a mu na fortepianie <a href=\"http:\/\/fundacjaoda.pl\/?page_id=5609\" title=\"Anna Kornacka\">Anna Kornacka<\/a>.<\/p>\n<p>Na scenie pojawili si\u0119 te\u017c m\u0142odzi muzycy: uczennica wo\u0142omi\u0144skiej szko\u0142y muzycznej skrzypaczka <strong>Marta So\u0142tysiak<\/strong> oraz gitarzy\u015bci ze szko\u0142y muzycznej w Halinowie: <strong>Amelka Sobczyk<\/strong> i <strong>Jeremi Dr\u0105g<\/strong>.<br \/>\n&nbsp;&nbsp;&nbsp;&nbsp;&nbsp;&nbsp;&nbsp;&nbsp;&nbsp;&nbsp;&nbsp;&nbsp;&nbsp;&nbsp;&nbsp;&nbsp;&nbsp;&nbsp;&nbsp;&nbsp;&nbsp;&nbsp;&nbsp;&nbsp;&nbsp;&nbsp;&nbsp;&nbsp;&nbsp;&nbsp;&nbsp;&nbsp;&nbsp;&nbsp;&nbsp;&nbsp;&nbsp;&nbsp;&nbsp;&nbsp;&nbsp;&nbsp;&nbsp;&nbsp;&nbsp;&nbsp;&nbsp;&nbsp;&nbsp;&nbsp;&nbsp;&nbsp;&nbsp;&nbsp;&nbsp;&nbsp;&nbsp;<a href=\"http:\/\/fundacjaoda.pl\/wp-content\/uploads\/2018\/04\/IMG_5291.jpg\"><img loading=\"lazy\" src=\"http:\/\/fundacjaoda.pl\/wp-content\/uploads\/2018\/04\/IMG_5291.jpg\" alt=\"IMG_5291\" width=\"15%\" height=\"15%\" class=\"alignnone size-full wp-image-14577\" srcset=\"http:\/\/fundacjaoda.pl\/wp-content\/uploads\/2018\/04\/IMG_5291.jpg 600w, http:\/\/fundacjaoda.pl\/wp-content\/uploads\/2018\/04\/IMG_5291-100x150.jpg 100w\" sizes=\"(max-width: 600px) 100vw, 600px\" \/><\/a><a href=\"http:\/\/fundacjaoda.pl\/wp-content\/uploads\/2018\/04\/IMG_5327.jpg\"><img loading=\"lazy\" src=\"http:\/\/fundacjaoda.pl\/wp-content\/uploads\/2018\/04\/IMG_5327.jpg\" alt=\"IMG_5327\" width=\"15%\" height=\"15%\" class=\"alignnone size-full wp-image-14598\" srcset=\"http:\/\/fundacjaoda.pl\/wp-content\/uploads\/2018\/04\/IMG_5327.jpg 600w, http:\/\/fundacjaoda.pl\/wp-content\/uploads\/2018\/04\/IMG_5327-100x150.jpg 100w\" sizes=\"(max-width: 600px) 100vw, 600px\" \/><\/a><a href=\"http:\/\/fundacjaoda.pl\/wp-content\/uploads\/2018\/04\/IMG_5325.jpg\"><img loading=\"lazy\" src=\"http:\/\/fundacjaoda.pl\/wp-content\/uploads\/2018\/04\/IMG_5325.jpg\" alt=\"IMG_5325\" width=\"15%\" height=\"15%\" class=\"alignnone size-full wp-image-14596\" srcset=\"http:\/\/fundacjaoda.pl\/wp-content\/uploads\/2018\/04\/IMG_5325.jpg 600w, http:\/\/fundacjaoda.pl\/wp-content\/uploads\/2018\/04\/IMG_5325-100x150.jpg 100w\" sizes=\"(max-width: 600px) 100vw, 600px\" \/><\/a><\/p>\n<p><a href=\"http:\/\/fundacjaoda.pl\/wp-content\/uploads\/2018\/04\/IMG_5336.jpg\"><img loading=\"lazy\" src=\"http:\/\/fundacjaoda.pl\/wp-content\/uploads\/2018\/04\/IMG_5336.jpg\" alt=\"IMG_5336\" style=\"margin-right: 10px;\" width=\"15%\" height=\"15%\" class=\"alignnone size-full wp-image-14607\" align=\"left\" srcset=\"http:\/\/fundacjaoda.pl\/wp-content\/uploads\/2018\/04\/IMG_5336.jpg 600w, http:\/\/fundacjaoda.pl\/wp-content\/uploads\/2018\/04\/IMG_5336-100x150.jpg 100w\" sizes=\"(max-width: 600px) 100vw, 600px\" \/><\/a>W programie spotkania znalaz\u0142y si\u0119 utwory takie jak <em>&#8222;Marche miniature viennoise&#8221;<\/em> F. Kreislera, <em>&#8222;La Cinquatine&#8221;<\/em> G. Marie, &#8222;<em>Sicilienne&#8221;<\/em> T. v. Paradise\u2019a, <em>&#8222;Pie\u015b\u0144 Polska&#8221;<\/em> H. Wieniawskiego, <em>&#8222;Czardasz&#8221;<\/em> V. Montiego oraz kompozycje gitarowe Tatiany Stachak. Szczeg\u00f3lnie zachwyci\u0142 wszystkich \u017cywio\u0142owy w\u0119gierski czardasz i marsz wiede\u0144ski. Ten ostatni utw\u00f3r gra\u0142a ca\u0142a orkiestra pod batut\u0105 dyrygentki Ma\u0142gorzaty Chmielewskiej. Rodzice i dzieci aktywnie si\u0119 w\u0142\u0105czyli we wsp\u00f3lne muzykowanie, rytmicznie potrz\u0105saj\u0105c grzechotkami i marakasami.<br \/>\n&nbsp;<br \/>\n&nbsp;<br \/>\n&nbsp;<br \/>\n&nbsp;<br \/>\n<a href=\"http:\/\/fundacjaoda.pl\/wp-content\/uploads\/2018\/04\/IMG_5303.jpg\"><img loading=\"lazy\" src=\"http:\/\/fundacjaoda.pl\/wp-content\/uploads\/2018\/04\/IMG_5303.jpg\" alt=\"IMG_5303\" style=\"margin-right: 10px;\" width=\"20%\" height=\"20%\" class=\"alignnone size-full wp-image-14586\" align=\"left\" srcset=\"http:\/\/fundacjaoda.pl\/wp-content\/uploads\/2018\/04\/IMG_5303.jpg 900w, http:\/\/fundacjaoda.pl\/wp-content\/uploads\/2018\/04\/IMG_5303-150x100.jpg 150w\" sizes=\"(max-width: 900px) 100vw, 900px\" \/><\/a><a href=\"http:\/\/fundacjaoda.pl\/wp-content\/uploads\/2018\/04\/IMG_5348.jpg\"><img src=\"http:\/\/fundacjaoda.pl\/wp-content\/uploads\/2018\/04\/IMG_5348.jpg\" alt=\"IMG_5348\" style=\"margin-left: 10px;\"width=\"20%\" height=\"20%\" class=\"alignnone size-full wp-image-14611\" align=\"right\" srcset=\"http:\/\/fundacjaoda.pl\/wp-content\/uploads\/2018\/04\/IMG_5348.jpg 900w, http:\/\/fundacjaoda.pl\/wp-content\/uploads\/2018\/04\/IMG_5348-150x100.jpg 150w\" sizes=\"(max-width: 900px) 100vw, 900px\" \/><\/a>Opr\u00f3cz s\u0142uchania pi\u0119knych utwor\u00f3w dzieci mia\u0142y te\u017c sporo zabawy. Zgadywanki, kolorowanki, konkursy ze s\u0142odkimi nagrodami i du\u017co \u015bmiechu to nieod\u0142\u0105czne elementy muzycznych spotka\u0144 w Izbie Wodiczk\u00f3w. W takiej radosnej i swobodnej atmosferze mali melomani du\u017co si\u0119 r\u00f3wnie\u017c nauczyli. Zapoznali si\u0119 z budow\u0105 skrzypiec, dowiedzieli jak odr\u00f3\u017cni\u0107 je od alt\u00f3wki, a nawet us\u0142yszeli, \u017ce skrzypce maj\u0105 dusz\u0119. Mo\u017ce w\u0142a\u015bnie dzi\u0119ki niej instrument ma tak wyj\u0105tkowe brzmienie. <strong><a href=\"http:\/\/fundacjaoda.pl\/?page_id=14617\" title=\"Galeria \u2013 Skrzypce\">Galeria<\/a><\/strong><\/p>\n","protected":false},"excerpt":{"rendered":"<p>Autor: Beata \u017burawska W niedziel\u0119 15 kwietnia zainaugurowali\u015bmy nowy sezon koncertowy dla dzieci. W ramach \u201ePodwieczorku muzycznego dla dzieci\u201d do niezwyk\u0142ej d\u017awi\u0119kowej krainy porwa\u0142y nas instrumenty strunowe: skrzypce, alt\u00f3wka i&nbsp;gitara. Jak zawsze licznie przyby\u0142ych go\u015bci powita\u0142a i spotkanie poprowadzi\u0142a Ma\u0142gorzata Chmielewska. W roli solisty wyst\u0105pi\u0142 skrzypek Piotr Grabowicz. Akompaniowa\u0142a mu \u2026 <a href=\"http:\/\/fundacjaoda.pl\/?page_id=14687\"> Continue reading <span class=\"meta-nav\">&rarr; <\/span><\/a><\/p>\n","protected":false},"author":1,"featured_media":0,"parent":0,"menu_order":0,"comment_status":"closed","ping_status":"closed","template":"","meta":[],"_links":{"self":[{"href":"http:\/\/fundacjaoda.pl\/index.php?rest_route=\/wp\/v2\/pages\/14687"}],"collection":[{"href":"http:\/\/fundacjaoda.pl\/index.php?rest_route=\/wp\/v2\/pages"}],"about":[{"href":"http:\/\/fundacjaoda.pl\/index.php?rest_route=\/wp\/v2\/types\/page"}],"author":[{"embeddable":true,"href":"http:\/\/fundacjaoda.pl\/index.php?rest_route=\/wp\/v2\/users\/1"}],"replies":[{"embeddable":true,"href":"http:\/\/fundacjaoda.pl\/index.php?rest_route=%2Fwp%2Fv2%2Fcomments&post=14687"}],"version-history":[{"count":16,"href":"http:\/\/fundacjaoda.pl\/index.php?rest_route=\/wp\/v2\/pages\/14687\/revisions"}],"predecessor-version":[{"id":14709,"href":"http:\/\/fundacjaoda.pl\/index.php?rest_route=\/wp\/v2\/pages\/14687\/revisions\/14709"}],"wp:attachment":[{"href":"http:\/\/fundacjaoda.pl\/index.php?rest_route=%2Fwp%2Fv2%2Fmedia&parent=14687"}],"curies":[{"name":"wp","href":"https:\/\/api.w.org\/{rel}","templated":true}]}}

Roztańczone skrzypce

<p><em>Autor: Beata Żurawska</em></p>
<p><a href="http://fundacjaoda.pl/wp-content/uploads/2018/04/IMG_5284.jpg"><img loading="lazy" src="http://fundacjaoda.pl/wp-content/uploads/2018/04/IMG_5284.jpg" alt="IMG_5284" style="margin-left: 15px;" width="15%" height="15%" class="alignnone size-full wp-image-14572" align="right" srcset="http://fundacjaoda.pl/wp-content/uploads/2018/04/IMG_5284.jpg 600w, http://fundacjaoda.pl/wp-content/uploads/2018/04/IMG_5284-100x150.jpg 100w" sizes="(max-width: 600px) 100vw, 600px" /></a>W niedzielę 15 kwietnia zainaugurowaliśmy nowy sezon koncertowy dla dzieci. W ramach „Podwieczorku muzycznego dla dzieci” do niezwykłej dźwiękowej krainy porwały nas instrumenty strunowe: skrzypce, altówka i&nbsp;gitara. Jak zawsze licznie przybyłych gości powitała i spotkanie poprowadziła <strong>Małgorzata Chmielewska</strong>. W roli solisty wystąpił skrzypek <strong>Piotr Grabowicz</strong>. Akompaniowała mu na fortepianie <a href="http://fundacjaoda.pl/?page_id=5609" title="Anna Kornacka">Anna Kornacka</a>.</p>
<p>Na scenie pojawili się też młodzi muzycy: uczennica wołomińskiej szkoły muzycznej skrzypaczka <strong>Marta Sołtysiak</strong> oraz gitarzyści ze szkoły muzycznej w Halinowie: <strong>Amelka Sobczyk</strong> i <strong>Jeremi Drąg</strong>.<br />
&nbsp;&nbsp;&nbsp;&nbsp;&nbsp;&nbsp;&nbsp;&nbsp;&nbsp;&nbsp;&nbsp;&nbsp;&nbsp;&nbsp;&nbsp;&nbsp;&nbsp;&nbsp;&nbsp;&nbsp;&nbsp;&nbsp;&nbsp;&nbsp;&nbsp;&nbsp;&nbsp;&nbsp;&nbsp;&nbsp;&nbsp;&nbsp;&nbsp;&nbsp;&nbsp;&nbsp;&nbsp;&nbsp;&nbsp;&nbsp;&nbsp;&nbsp;&nbsp;&nbsp;&nbsp;&nbsp;&nbsp;&nbsp;&nbsp;&nbsp;&nbsp;&nbsp;&nbsp;&nbsp;&nbsp;&nbsp;&nbsp;<a href="http://fundacjaoda.pl/wp-content/uploads/2018/04/IMG_5291.jpg"><img loading="lazy" src="http://fundacjaoda.pl/wp-content/uploads/2018/04/IMG_5291.jpg" alt="IMG_5291" width="15%" height="15%" class="alignnone size-full wp-image-14577" srcset="http://fundacjaoda.pl/wp-content/uploads/2018/04/IMG_5291.jpg 600w, http://fundacjaoda.pl/wp-content/uploads/2018/04/IMG_5291-100x150.jpg 100w" sizes="(max-width: 600px) 100vw, 600px" /></a><a href="http://fundacjaoda.pl/wp-content/uploads/2018/04/IMG_5327.jpg"><img loading="lazy" src="http://fundacjaoda.pl/wp-content/uploads/2018/04/IMG_5327.jpg" alt="IMG_5327" width="15%" height="15%" class="alignnone size-full wp-image-14598" srcset="http://fundacjaoda.pl/wp-content/uploads/2018/04/IMG_5327.jpg 600w, http://fundacjaoda.pl/wp-content/uploads/2018/04/IMG_5327-100x150.jpg 100w" sizes="(max-width: 600px) 100vw, 600px" /></a><a href="http://fundacjaoda.pl/wp-content/uploads/2018/04/IMG_5325.jpg"><img loading="lazy" src="http://fundacjaoda.pl/wp-content/uploads/2018/04/IMG_5325.jpg" alt="IMG_5325" width="15%" height="15%" class="alignnone size-full wp-image-14596" srcset="http://fundacjaoda.pl/wp-content/uploads/2018/04/IMG_5325.jpg 600w, http://fundacjaoda.pl/wp-content/uploads/2018/04/IMG_5325-100x150.jpg 100w" sizes="(max-width: 600px) 100vw, 600px" /></a></p>
<p><a href="http://fundacjaoda.pl/wp-content/uploads/2018/04/IMG_5336.jpg"><img loading="lazy" src="http://fundacjaoda.pl/wp-content/uploads/2018/04/IMG_5336.jpg" alt="IMG_5336" style="margin-right: 10px;" width="15%" height="15%" class="alignnone size-full wp-image-14607" align="left" srcset="http://fundacjaoda.pl/wp-content/uploads/2018/04/IMG_5336.jpg 600w, http://fundacjaoda.pl/wp-content/uploads/2018/04/IMG_5336-100x150.jpg 100w" sizes="(max-width: 600px) 100vw, 600px" /></a>W programie spotkania znalazły się utwory takie jak <em>&#8222;Marche miniature viennoise&#8221;</em> F. Kreislera, <em>&#8222;La Cinquatine&#8221;</em> G. Marie, &#8222;<em>Sicilienne&#8221;</em> T. v. Paradise’a, <em>&#8222;Pieśń Polska&#8221;</em> H. Wieniawskiego, <em>&#8222;Czardasz&#8221;</em> V. Montiego oraz kompozycje gitarowe Tatiany Stachak. Szczególnie zachwycił wszystkich żywiołowy węgierski czardasz i marsz wiedeński. Ten ostatni utwór grała cała orkiestra pod batutą dyrygentki Małgorzaty Chmielewskiej. Rodzice i dzieci aktywnie się włączyli we wspólne muzykowanie, rytmicznie potrząsając grzechotkami i marakasami.<br />
&nbsp;<br />
&nbsp;<br />
&nbsp;<br />
&nbsp;<br />
<a href="http://fundacjaoda.pl/wp-content/uploads/2018/04/IMG_5303.jpg"><img loading="lazy" src="http://fundacjaoda.pl/wp-content/uploads/2018/04/IMG_5303.jpg" alt="IMG_5303" style="margin-right: 10px;" width="20%" height="20%" class="alignnone size-full wp-image-14586" align="left" srcset="http://fundacjaoda.pl/wp-content/uploads/2018/04/IMG_5303.jpg 900w, http://fundacjaoda.pl/wp-content/uploads/2018/04/IMG_5303-150x100.jpg 150w" sizes="(max-width: 900px) 100vw, 900px" /></a><a href="http://fundacjaoda.pl/wp-content/uploads/2018/04/IMG_5348.jpg"><img src="http://fundacjaoda.pl/wp-content/uploads/2018/04/IMG_5348.jpg" alt="IMG_5348" style="margin-left: 10px;"width="20%" height="20%" class="alignnone size-full wp-image-14611" align="right" srcset="http://fundacjaoda.pl/wp-content/uploads/2018/04/IMG_5348.jpg 900w, http://fundacjaoda.pl/wp-content/uploads/2018/04/IMG_5348-150x100.jpg 150w" sizes="(max-width: 900px) 100vw, 900px" /></a>Oprócz słuchania pięknych utworów dzieci miały też sporo zabawy. Zgadywanki, kolorowanki, konkursy ze słodkimi nagrodami i dużo śmiechu to nieodłączne elementy muzycznych spotkań w Izbie Wodiczków. W takiej radosnej i swobodnej atmosferze mali melomani dużo się również nauczyli. Zapoznali się z budową skrzypiec, dowiedzieli jak odróżnić je od altówki, a nawet usłyszeli, że skrzypce mają duszę. Może właśnie dzięki niej instrument ma tak wyjątkowe brzmienie. <strong><a href="http://fundacjaoda.pl/?page_id=14617" title="Galeria – Skrzypce">Galeria</a></strong></p>

<p>Autor: Beata Żurawska W niedzielę 15 kwietnia zainaugurowaliśmy nowy sezon koncertowy dla dzieci. W ramach „Podwieczorku muzycznego dla dzieci” do niezwykłej dźwiękowej krainy porwały nas instrumenty strunowe: skrzypce, altówka i&nbsp;gitara. Jak zawsze licznie przybyłych gości powitała i spotkanie poprowadziła Małgorzata Chmielewska. W roli solisty wystąpił skrzypek Piotr Grabowicz. Akompaniowała mu … <a href="http://fundacjaoda.pl/?page_id=14687"> Continue reading <span class="meta-nav">&rarr; </span></a></p>
