{"id":13866,"date":"2017-12-15T20:24:48","date_gmt":"2017-12-15T19:24:48","guid":{"rendered":"http:\/\/fundacjaoda.pl\/?page_id=13866"},"modified":"2017-12-15T20:47:46","modified_gmt":"2017-12-15T19:47:46","slug":"koncert-lukasza-majewskiego","status":"publish","type":"page","link":"http:\/\/fundacjaoda.pl\/?page_id=13866","title":{"rendered":"Koncert \u0141ukasza Majewskiego"},"content":{"rendered":"<p><a href=\"http:\/\/fundacjaoda.pl\/wp-content\/uploads\/2017\/12\/IMG_4526.jpg\"><img loading=\"lazy\" src=\"http:\/\/fundacjaoda.pl\/wp-content\/uploads\/2017\/12\/IMG_4526.jpg\" alt=\"IMG_4526\" style=\"margin-right: 10px;\" width=\"20%\" height=\"20%\" class=\"alignnone size-full wp-image-13704\" align=\"left\" srcset=\"http:\/\/fundacjaoda.pl\/wp-content\/uploads\/2017\/12\/IMG_4526.jpg 600w, http:\/\/fundacjaoda.pl\/wp-content\/uploads\/2017\/12\/IMG_4526-100x150.jpg 100w\" sizes=\"(max-width: 600px) 100vw, 600px\" \/><\/a>Pomys\u0142odawc\u0105 koncertu, kt\u00f3ry odby\u0142 si\u0119 9 grudnia w Izbie Muzealnej Wodiczk\u00f3w, by\u0142 Leszek Patejuk. Oczarowa\u0142y go utwory \u0141ukasza Majewskiego \u2013 refleksyjne, z lekk\u0105 nutk\u0105 ironii oraz te weselsze z refleksyjnym zaci\u0119ciem &#8211; z&nbsp;kt\u00f3rymi zetkn\u0105\u0142 si\u0119 na kilku koncertach organizowanych od lat w ramach Mi\u0119dzynarodowego Festiwalu Bard\u00f3w OPPA w Warszawie. Od d\u0142u\u017cszego wi\u0119c ju\u017c czasu przygotowywa\u0142 grunt pod spotkanie z \u0141ukaszem Majewskim w&nbsp;Izbie. W swoim wst\u0119pie Leszek Patejuk przybli\u017cy\u0142 zebranym w Izbie go\u015bciom posta\u0107 \u0141ukasza Majewskiego \u2013 barda, poet\u0119, autora licznych piosenek, wierszy, w tym r\u00f3wnie\u017c dla dzieci, plasuj\u0105cego si\u0119 od kilku lat w pierwszej pi\u0105tce laureat\u00f3w Festiwalu OPPA. W programie tego wieczoru znalaz\u0142y si\u0119 piosenki nagrane na p\u0142ytach: debiutanckiej \u201dM\u0119\u017cczyzna z zakolami\u201d z 2013 roku, \u201eAd acta\u201d z roku 2015 i \u201eNiebajka\u201d wydanej we wrze\u015bniu tego roku. Autorem s\u0142\u00f3w i muzyki prawie wszystkich utwor\u00f3w jest \u0141ukasz Majewski.<br \/>\n&nbsp;<br \/>\n&nbsp;<br \/>\n<a href=\"http:\/\/fundacjaoda.pl\/wp-content\/uploads\/2017\/12\/IMG_4553.jpg\"><img loading=\"lazy\" src=\"http:\/\/fundacjaoda.pl\/wp-content\/uploads\/2017\/12\/IMG_4553.jpg\" alt=\"IMG_4553\" style=\"margin-left: 10px;\" width=\"20%\" height=\"20%\" class=\"alignnone size-full wp-image-13727\" align=\"right\" srcset=\"http:\/\/fundacjaoda.pl\/wp-content\/uploads\/2017\/12\/IMG_4553.jpg 600w, http:\/\/fundacjaoda.pl\/wp-content\/uploads\/2017\/12\/IMG_4553-100x150.jpg 100w\" sizes=\"(max-width: 600px) 100vw, 600px\" \/><\/a>Sam autor wyja\u015bni\u0142, \u017ce poeci paraj\u0105cy si\u0119 piosenka autorsk\u0105 poruszaj\u0105 w swojej tw\u00f3rczo\u015bci  zazwyczaj trzy zasadnicze tematy: o kolegach, o mi\u0142o\u015b\u0107 i o sobie. O nim by\u0142y dwie pierwsze piosenki &#8211; <em>\u201eI&nbsp;niech tak zostanie\u201d<\/em> oraz <em>\u201eP\u00f3\u0142 dekalogu\u201d<\/em> z albumu \u201eM\u0119\u017cczyzna z zakolami\u201d. Jego piosenki to, jak sam okre\u015bli\u0142, piosenki\u2013wentyle, kt\u00f3re poruszaj\u0105 tematy bolesne, uwieraj\u0105ce. Tak, jak kolejna piosenka <em>\u201ePytasz c\u00f3rciu\u201d<\/em>, prezentowana po raz pierwszy na koncercie fina\u0142owym podczas ostatniego Festiwalu OPPA w Warszawie. O sobie opowiedzia\u0142 \u0141ukasz r\u00f3wnie\u017c w&nbsp;dw\u00f3ch kolejnych nostalgicznych piosenkach z albumu \u201eNiebajka\u201d: <em>\u201eTak na spokojnie\u201d<\/em> i <em>\u201ePytasz, co u mnie\u201d<\/em>. Rozdzieli\u0142a je dowcipna, spisana na podstawie prze\u017cy\u0107 znanych autorowi z&nbsp;opowie\u015bci koleg\u00f3w piosenka <em>\u201eBallada terapeutyczna\u201d<\/em>, kt\u00f3ra pochodzi z tego samego albumu i opowiada o tym, do czego doprowadzi\u0107 mo\u017ce naiwna wiara w medycyn\u0119 ludow\u0105.<br \/>\n&nbsp;<br \/>\n&nbsp;<br \/>\n<a href=\"http:\/\/fundacjaoda.pl\/wp-content\/uploads\/2017\/12\/IMG_4564.jpg\"><img loading=\"lazy\" src=\"http:\/\/fundacjaoda.pl\/wp-content\/uploads\/2017\/12\/IMG_4564.jpg\" alt=\"IMG_4564\"  style=\"margin-right: 10px;\" width=\"20%\" height=\"20%\" class=\"alignnone size-full wp-image-13737\" align=\"left\" srcset=\"http:\/\/fundacjaoda.pl\/wp-content\/uploads\/2017\/12\/IMG_4564.jpg 823w, http:\/\/fundacjaoda.pl\/wp-content\/uploads\/2017\/12\/IMG_4564-150x109.jpg 150w\" sizes=\"(max-width: 823px) 100vw, 823px\" \/><\/a>Piosenka o mi\u0142o\u015bci \u2013 pierwsza i najwa\u017cniejsza piosenka na ten temat, jak\u0105 autor napisa\u0142 \u2013 pochodzi z albumu \u201eM\u0119\u017cczyzna z zakolami\u201d i nosi tytu\u0142 <em>\u201eNapisa\u0142em dla Ciebie piosenk\u0119\u201d<\/em>. Natomiast o kolegach, a zw\u0142aszcza o tym, jak si\u0119 ko\u0144czy damsko-m\u0119skie spotkanie po latach, zw\u0142aszcza z kr\u00f3low\u0105 szkolnego balu opowiedzia\u0142 \u0141ukasz w utworze <em>\u201eSpotkanie po latach czyli cios mi\u0119dzy oczy\u201d<\/em>, za\u015bpiewany przez \u0141ukasza na dwa g\u0142osy \u2013 m\u0119ski i \u017ce\u0144ski \u2013 z niewielk\u0105, ale jednak, r\u00f3\u017cnic\u0105 mi\u0119dzy nimi. Utw\u00f3r ten pochodzi z albumu \u201eNibybajka\u201d. W programie znalaz\u0142y si\u0119 r\u00f3wnie\u017c dwa urocze utwory z p\u0142ytek, kt\u00f3re \u201enagra\u0142y\u201d c\u00f3rki \u0141ukasza Majewskiego. Oba utwory to wcze\u015bniej napisane wiersze, do kt\u00f3rych muzyk\u0119 skomponowa\u0142 na potrzeby owego specjalnego nagrania \u2013 <em>\u201eChoinka\u201d<\/em> i <em>\u201eG\u0142owa\u201d<\/em>. <\/p>\n<p><a href=\"http:\/\/fundacjaoda.pl\/wp-content\/uploads\/2017\/12\/IMG_4561.jpg\"><img loading=\"lazy\" src=\"http:\/\/fundacjaoda.pl\/wp-content\/uploads\/2017\/12\/IMG_4561.jpg\" alt=\"IMG_4561\" style=\"margin-right: 10px;\" width=\"20%\" height=\"20%\" class=\"alignnone size-full wp-image-13734\" align=\"left\" srcset=\"http:\/\/fundacjaoda.pl\/wp-content\/uploads\/2017\/12\/IMG_4561.jpg 900w, http:\/\/fundacjaoda.pl\/wp-content\/uploads\/2017\/12\/IMG_4561-150x100.jpg 150w\" sizes=\"(max-width: 900px) 100vw, 900px\" \/><\/a>Kolejna piosenka o mi\u0142o\u015bci <em>\u201eNa z\u0142e i na dobre\u201d<\/em> wprowadzi\u0142a wszystkich w zadum\u0119 nad zmiennymi kolejami losu pary, kt\u00f3ra przysi\u0119ga\u0142a sobie na z\u0142e i na dobre, na dobre i na z\u0142e z optymistycznym zako\u0144czeniem, aby si\u0119 jeszcze potrzyma\u0107 za to s\u0142owo, by nie wdepn\u0105\u0107 w bajk\u0119 now\u0105.  W <em>\u201ePiosence na cztery\u201d<\/em> z p\u0142yty \u201eM\u0119\u017cczyzna z zakolami\u201d wyja\u015bni\u0142, co czuje m\u0119\u017cczyzna, kt\u00f3ry zostaje ojcem. Poniewa\u017c muzyk\u0119 do tego utworu napisa\u0142 Piotr D\u0105br\u00f3wka (do niedawna z Wo\u0142omina), kt\u00f3remu te\u017c w tym czasie urodzi\u0142o si\u0119 dziecko, w powstaniu utworu, jak zauwa\u017cy\u0142 \u0141ukasz Majewski, partycypowa\u0142y 4 osoby, w tym 2 nieletnie. <\/p>\n<p><a href=\"http:\/\/fundacjaoda.pl\/wp-content\/uploads\/2017\/12\/IMG_4531.jpg\"><img loading=\"lazy\" src=\"http:\/\/fundacjaoda.pl\/wp-content\/uploads\/2017\/12\/IMG_4531.jpg\" alt=\"IMG_4531\" style=\"margin-left: 10px;\" width=\"20%\" height=\"20%\" class=\"alignnone size-full wp-image-13708\" align=\"right\" srcset=\"http:\/\/fundacjaoda.pl\/wp-content\/uploads\/2017\/12\/IMG_4531.jpg 900w, http:\/\/fundacjaoda.pl\/wp-content\/uploads\/2017\/12\/IMG_4531-150x100.jpg 150w\" sizes=\"(max-width: 900px) 100vw, 900px\" \/><\/a>Ponownie o sobie w piosence<em> \u201eOptymistycznie rzecz ujmuj\u0105c\u201d<\/em> z albumu \u201eNiebajka\u201d autor wy\u015bpiewa\u0142 smutki i&nbsp;obawy wynikaj\u0105ce z wkroczenia w smug\u0119 cienia &#8211; w drug\u0105 po\u0142ow\u0119 swojego \u017cycia, kt\u00f3re &#8222;\u0142atwiej trzyma\u0107, ni\u017c toczy\u0107&#8221;. Piosenk\u0105-szant\u0105 <em>\u201eBallada z widokiem na morze\u201d<\/em> z p\u0142yty \u201eAd acta\u201d wyja\u015bni\u0142, jaki wp\u0142yw na jego \u017cycie wywar\u0142 fakt, \u017ce z okien swojego pokoju mia\u0142 widok \u201ena morze odci\u0119te horyzontu kresk\u0105, a w nim lufcik na ca\u0142y \u015bwiat\u201d. Najtragiczniejsza piosenka \u0141ukasza Majewskiego, kt\u00f3ra ku jego zaskoczeniu zdoby\u0142a nagrod\u0119 na Ostro\u0142\u0119ckich Spotkaniach z Piosenk\u0105 Kabaretow\u0105 to <em>\u201e\u015awiniaki song\u201d<\/em> z albumu \u201eM\u0119\u017cczyzna z zakolami\u201d, w kt\u00f3rej autor pochyla si\u0119 nad zwolnieniami grupowymi, co prawda w rze\u017ani, ale towarzysz\u0105ce tym zwolnieniom nastroje mo\u017cna przenie\u015b\u0107 do ka\u017cdego zak\u0142adu pracy. Z tego samego albumu pochodzi piosenka <em>\u201ePora ju\u017c odej\u015b\u0107\u201d<\/em>, kt\u00f3r\u0105 autor napisa\u0142 sam dla siebie z okazji zbli\u017caj\u0105cych si\u0119 w\u0142asnych 40. urodzin. <\/p>\n<p><a href=\"http:\/\/fundacjaoda.pl\/wp-content\/uploads\/2017\/12\/IMG_4567.jpg\"><img loading=\"lazy\" src=\"http:\/\/fundacjaoda.pl\/wp-content\/uploads\/2017\/12\/IMG_4567.jpg\" alt=\"IMG_4567\" style=\"margin-right: 10px;\" width=\"20%\" height=\"20%\" class=\"alignnone size-full wp-image-13739\" align=\"left\" srcset=\"http:\/\/fundacjaoda.pl\/wp-content\/uploads\/2017\/12\/IMG_4567.jpg 900w, http:\/\/fundacjaoda.pl\/wp-content\/uploads\/2017\/12\/IMG_4567-150x100.jpg 150w\" sizes=\"(max-width: 900px) 100vw, 900px\" \/><\/a>\u0141ukasz Majewski zako\u0144czy\u0142 sw\u00f3j koncert piosenk\u0105 \u201eNiebajka\u201d z ostatniego albumu stwierdzaj\u0105c, \u017ce \u201enawet je\u015bli si\u0119 oka\u017ce, \u017ce \u017cycie nie jest bajk\u0105, wci\u0105\u017c b\u0119d\u0119 si\u0119 upiera\u0142, \u017ce warto\u201d. Na bis uraczy\u0142 go\u015bci jeszcze dwiema piosenkami: refleksyjn\u0105 <em>\u201eGdy p\u00f3\u0142noc wybije\u201d<\/em> z albumu \u201eAd acta\u201d oraz pro\u015bb\u0119 o\u2026 <em>\u201eS\u0142oik\u201d<\/em> po majonezie, w kt\u00f3rym mo\u017cna przechowywa\u0107 zwierz\u0119. Po zako\u0144czonym koncercie zgromadzeni w Izbie go\u015bcie mogli naby\u0107 p\u0142yty z piosenkami \u0141ukasza Majewskiego oraz tomik wierszy dla dzieci. Podczas tradycyjnego pocz\u0119stunku \u0141ukasz Majewski podpisywa\u0142 swoje p\u0142yty i odpowiada\u0142 na liczne pytania zainteresowanych jego tw\u00f3rczo\u015bci\u0105 go\u015bci. <strong><a href=\"http:\/\/fundacjaoda.pl\/?page_id=13763\" title=\"Galeria \u2013 Koncert \u0141ukasza Majewskiego\">Galeria<\/a><\/strong><\/p>\n<p><a href=\"http:\/\/fundacjaoda.pl\/?page_id=60\" title=\"Wieczory muzyczne\"><strong>Powr\u00f3t<\/strong><\/a><\/p>\n","protected":false},"excerpt":{"rendered":"<p>Pomys\u0142odawc\u0105 koncertu, kt\u00f3ry odby\u0142 si\u0119 9 grudnia w Izbie Muzealnej Wodiczk\u00f3w, by\u0142 Leszek Patejuk. Oczarowa\u0142y go utwory \u0141ukasza Majewskiego \u2013 refleksyjne, z lekk\u0105 nutk\u0105 ironii oraz te weselsze z refleksyjnym zaci\u0119ciem &#8211; z&nbsp;kt\u00f3rymi zetkn\u0105\u0142 si\u0119 na kilku koncertach organizowanych od lat w ramach Mi\u0119dzynarodowego Festiwalu Bard\u00f3w OPPA w Warszawie. Od \u2026 <a href=\"http:\/\/fundacjaoda.pl\/?page_id=13866\"> Continue reading <span class=\"meta-nav\">&rarr; <\/span><\/a><\/p>\n","protected":false},"author":1,"featured_media":0,"parent":0,"menu_order":0,"comment_status":"closed","ping_status":"closed","template":"","meta":[],"_links":{"self":[{"href":"http:\/\/fundacjaoda.pl\/index.php?rest_route=\/wp\/v2\/pages\/13866"}],"collection":[{"href":"http:\/\/fundacjaoda.pl\/index.php?rest_route=\/wp\/v2\/pages"}],"about":[{"href":"http:\/\/fundacjaoda.pl\/index.php?rest_route=\/wp\/v2\/types\/page"}],"author":[{"embeddable":true,"href":"http:\/\/fundacjaoda.pl\/index.php?rest_route=\/wp\/v2\/users\/1"}],"replies":[{"embeddable":true,"href":"http:\/\/fundacjaoda.pl\/index.php?rest_route=%2Fwp%2Fv2%2Fcomments&post=13866"}],"version-history":[{"count":14,"href":"http:\/\/fundacjaoda.pl\/index.php?rest_route=\/wp\/v2\/pages\/13866\/revisions"}],"predecessor-version":[{"id":13887,"href":"http:\/\/fundacjaoda.pl\/index.php?rest_route=\/wp\/v2\/pages\/13866\/revisions\/13887"}],"wp:attachment":[{"href":"http:\/\/fundacjaoda.pl\/index.php?rest_route=%2Fwp%2Fv2%2Fmedia&parent=13866"}],"curies":[{"name":"wp","href":"https:\/\/api.w.org\/{rel}","templated":true}]}}

Koncert Łukasza Majewskiego

<p><a href="http://fundacjaoda.pl/wp-content/uploads/2017/12/IMG_4526.jpg"><img loading="lazy" src="http://fundacjaoda.pl/wp-content/uploads/2017/12/IMG_4526.jpg" alt="IMG_4526" style="margin-right: 10px;" width="20%" height="20%" class="alignnone size-full wp-image-13704" align="left" srcset="http://fundacjaoda.pl/wp-content/uploads/2017/12/IMG_4526.jpg 600w, http://fundacjaoda.pl/wp-content/uploads/2017/12/IMG_4526-100x150.jpg 100w" sizes="(max-width: 600px) 100vw, 600px" /></a>Pomysłodawcą koncertu, który odbył się 9 grudnia w Izbie Muzealnej Wodiczków, był Leszek Patejuk. Oczarowały go utwory Łukasza Majewskiego – refleksyjne, z lekką nutką ironii oraz te weselsze z refleksyjnym zacięciem &#8211; z&nbsp;którymi zetknął się na kilku koncertach organizowanych od lat w ramach Międzynarodowego Festiwalu Bardów OPPA w Warszawie. Od dłuższego więc już czasu przygotowywał grunt pod spotkanie z Łukaszem Majewskim w&nbsp;Izbie. W swoim wstępie Leszek Patejuk przybliżył zebranym w Izbie gościom postać Łukasza Majewskiego – barda, poetę, autora licznych piosenek, wierszy, w tym również dla dzieci, plasującego się od kilku lat w pierwszej piątce laureatów Festiwalu OPPA. W programie tego wieczoru znalazły się piosenki nagrane na płytach: debiutanckiej ”Mężczyzna z zakolami” z 2013 roku, „Ad acta” z roku 2015 i „Niebajka” wydanej we wrześniu tego roku. Autorem słów i muzyki prawie wszystkich utworów jest Łukasz Majewski.<br />
&nbsp;<br />
&nbsp;<br />
<a href="http://fundacjaoda.pl/wp-content/uploads/2017/12/IMG_4553.jpg"><img loading="lazy" src="http://fundacjaoda.pl/wp-content/uploads/2017/12/IMG_4553.jpg" alt="IMG_4553" style="margin-left: 10px;" width="20%" height="20%" class="alignnone size-full wp-image-13727" align="right" srcset="http://fundacjaoda.pl/wp-content/uploads/2017/12/IMG_4553.jpg 600w, http://fundacjaoda.pl/wp-content/uploads/2017/12/IMG_4553-100x150.jpg 100w" sizes="(max-width: 600px) 100vw, 600px" /></a>Sam autor wyjaśnił, że poeci parający się piosenka autorską poruszają w swojej twórczości  zazwyczaj trzy zasadnicze tematy: o kolegach, o miłość i o sobie. O nim były dwie pierwsze piosenki &#8211; <em>„I&nbsp;niech tak zostanie”</em> oraz <em>„Pół dekalogu”</em> z albumu „Mężczyzna z zakolami”. Jego piosenki to, jak sam określił, piosenki–wentyle, które poruszają tematy bolesne, uwierające. Tak, jak kolejna piosenka <em>„Pytasz córciu”</em>, prezentowana po raz pierwszy na koncercie finałowym podczas ostatniego Festiwalu OPPA w Warszawie. O sobie opowiedział Łukasz również w&nbsp;dwóch kolejnych nostalgicznych piosenkach z albumu „Niebajka”: <em>„Tak na spokojnie”</em> i <em>„Pytasz, co u mnie”</em>. Rozdzieliła je dowcipna, spisana na podstawie przeżyć znanych autorowi z&nbsp;opowieści kolegów piosenka <em>„Ballada terapeutyczna”</em>, która pochodzi z tego samego albumu i opowiada o tym, do czego doprowadzić może naiwna wiara w medycynę ludową.<br />
&nbsp;<br />
&nbsp;<br />
<a href="http://fundacjaoda.pl/wp-content/uploads/2017/12/IMG_4564.jpg"><img loading="lazy" src="http://fundacjaoda.pl/wp-content/uploads/2017/12/IMG_4564.jpg" alt="IMG_4564"  style="margin-right: 10px;" width="20%" height="20%" class="alignnone size-full wp-image-13737" align="left" srcset="http://fundacjaoda.pl/wp-content/uploads/2017/12/IMG_4564.jpg 823w, http://fundacjaoda.pl/wp-content/uploads/2017/12/IMG_4564-150x109.jpg 150w" sizes="(max-width: 823px) 100vw, 823px" /></a>Piosenka o miłości – pierwsza i najważniejsza piosenka na ten temat, jaką autor napisał – pochodzi z albumu „Mężczyzna z zakolami” i nosi tytuł <em>„Napisałem dla Ciebie piosenkę”</em>. Natomiast o kolegach, a zwłaszcza o tym, jak się kończy damsko-męskie spotkanie po latach, zwłaszcza z królową szkolnego balu opowiedział Łukasz w utworze <em>„Spotkanie po latach czyli cios między oczy”</em>, zaśpiewany przez Łukasza na dwa głosy – męski i żeński – z niewielką, ale jednak, różnicą między nimi. Utwór ten pochodzi z albumu „Nibybajka”. W programie znalazły się również dwa urocze utwory z płytek, które „nagrały” córki Łukasza Majewskiego. Oba utwory to wcześniej napisane wiersze, do których muzykę skomponował na potrzeby owego specjalnego nagrania – <em>„Choinka”</em> i <em>„Głowa”</em>. </p>
<p><a href="http://fundacjaoda.pl/wp-content/uploads/2017/12/IMG_4561.jpg"><img loading="lazy" src="http://fundacjaoda.pl/wp-content/uploads/2017/12/IMG_4561.jpg" alt="IMG_4561" style="margin-right: 10px;" width="20%" height="20%" class="alignnone size-full wp-image-13734" align="left" srcset="http://fundacjaoda.pl/wp-content/uploads/2017/12/IMG_4561.jpg 900w, http://fundacjaoda.pl/wp-content/uploads/2017/12/IMG_4561-150x100.jpg 150w" sizes="(max-width: 900px) 100vw, 900px" /></a>Kolejna piosenka o miłości <em>„Na złe i na dobre”</em> wprowadziła wszystkich w zadumę nad zmiennymi kolejami losu pary, która przysięgała sobie na złe i na dobre, na dobre i na złe z optymistycznym zakończeniem, aby się jeszcze potrzymać za to słowo, by nie wdepnąć w bajkę nową.  W <em>„Piosence na cztery”</em> z płyty „Mężczyzna z zakolami” wyjaśnił, co czuje mężczyzna, który zostaje ojcem. Ponieważ muzykę do tego utworu napisał Piotr Dąbrówka (do niedawna z Wołomina), któremu też w tym czasie urodziło się dziecko, w powstaniu utworu, jak zauważył Łukasz Majewski, partycypowały 4 osoby, w tym 2 nieletnie. </p>
<p><a href="http://fundacjaoda.pl/wp-content/uploads/2017/12/IMG_4531.jpg"><img loading="lazy" src="http://fundacjaoda.pl/wp-content/uploads/2017/12/IMG_4531.jpg" alt="IMG_4531" style="margin-left: 10px;" width="20%" height="20%" class="alignnone size-full wp-image-13708" align="right" srcset="http://fundacjaoda.pl/wp-content/uploads/2017/12/IMG_4531.jpg 900w, http://fundacjaoda.pl/wp-content/uploads/2017/12/IMG_4531-150x100.jpg 150w" sizes="(max-width: 900px) 100vw, 900px" /></a>Ponownie o sobie w piosence<em> „Optymistycznie rzecz ujmując”</em> z albumu „Niebajka” autor wyśpiewał smutki i&nbsp;obawy wynikające z wkroczenia w smugę cienia &#8211; w drugą połowę swojego życia, które &#8222;łatwiej trzymać, niż toczyć&#8221;. Piosenką-szantą <em>„Ballada z widokiem na morze”</em> z płyty „Ad acta” wyjaśnił, jaki wpływ na jego życie wywarł fakt, że z okien swojego pokoju miał widok „na morze odcięte horyzontu kreską, a w nim lufcik na cały świat”. Najtragiczniejsza piosenka Łukasza Majewskiego, która ku jego zaskoczeniu zdobyła nagrodę na Ostrołęckich Spotkaniach z Piosenką Kabaretową to <em>„Świniaki song”</em> z albumu „Mężczyzna z zakolami”, w której autor pochyla się nad zwolnieniami grupowymi, co prawda w rzeźni, ale towarzyszące tym zwolnieniom nastroje można przenieść do każdego zakładu pracy. Z tego samego albumu pochodzi piosenka <em>„Pora już odejść”</em>, którą autor napisał sam dla siebie z okazji zbliżających się własnych 40. urodzin. </p>
<p><a href="http://fundacjaoda.pl/wp-content/uploads/2017/12/IMG_4567.jpg"><img loading="lazy" src="http://fundacjaoda.pl/wp-content/uploads/2017/12/IMG_4567.jpg" alt="IMG_4567" style="margin-right: 10px;" width="20%" height="20%" class="alignnone size-full wp-image-13739" align="left" srcset="http://fundacjaoda.pl/wp-content/uploads/2017/12/IMG_4567.jpg 900w, http://fundacjaoda.pl/wp-content/uploads/2017/12/IMG_4567-150x100.jpg 150w" sizes="(max-width: 900px) 100vw, 900px" /></a>Łukasz Majewski zakończył swój koncert piosenką „Niebajka” z ostatniego albumu stwierdzając, że „nawet jeśli się okaże, że życie nie jest bajką, wciąż będę się upierał, że warto”. Na bis uraczył gości jeszcze dwiema piosenkami: refleksyjną <em>„Gdy północ wybije”</em> z albumu „Ad acta” oraz prośbę o… <em>„Słoik”</em> po majonezie, w którym można przechowywać zwierzę. Po zakończonym koncercie zgromadzeni w Izbie goście mogli nabyć płyty z piosenkami Łukasza Majewskiego oraz tomik wierszy dla dzieci. Podczas tradycyjnego poczęstunku Łukasz Majewski podpisywał swoje płyty i odpowiadał na liczne pytania zainteresowanych jego twórczością gości. <strong><a href="http://fundacjaoda.pl/?page_id=13763" title="Galeria – Koncert Łukasza Majewskiego">Galeria</a></strong></p>
<p><a href="http://fundacjaoda.pl/?page_id=60" title="Wieczory muzyczne"><strong>Powrót</strong></a></p>

<p>Pomysłodawcą koncertu, który odbył się 9 grudnia w Izbie Muzealnej Wodiczków, był Leszek Patejuk. Oczarowały go utwory Łukasza Majewskiego – refleksyjne, z lekką nutką ironii oraz te weselsze z refleksyjnym zacięciem &#8211; z&nbsp;którymi zetknął się na kilku koncertach organizowanych od lat w ramach Międzynarodowego Festiwalu Bardów OPPA w Warszawie. Od … <a href="http://fundacjaoda.pl/?page_id=13866"> Continue reading <span class="meta-nav">&rarr; </span></a></p>
