{"id":11541,"date":"2017-05-29T12:21:33","date_gmt":"2017-05-29T10:21:33","guid":{"rendered":"http:\/\/fundacjaoda.pl\/?page_id=11541"},"modified":"2017-05-29T13:10:41","modified_gmt":"2017-05-29T11:10:41","slug":"wieczor-moniuszkowski-27-05-2017","status":"publish","type":"page","link":"http:\/\/fundacjaoda.pl\/?page_id=11541","title":{"rendered":"Wiecz\u00f3r Moniuszkowski &#8211; 27.05. 2017"},"content":{"rendered":"<p><a href=\"http:\/\/fundacjaoda.pl\/wp-content\/uploads\/2017\/05\/IMG_1554.jpg\"><img loading=\"lazy\" src=\"http:\/\/fundacjaoda.pl\/wp-content\/uploads\/2017\/05\/IMG_1554.jpg\" style=\"margin-right: 10px;\" alt=\"IMG_1554\" width=\"25%\" height=\"25%\" class=\"alignnone size-full wp-image-11459\" align=\"left\" srcset=\"http:\/\/fundacjaoda.pl\/wp-content\/uploads\/2017\/05\/IMG_1554.jpg 900w, http:\/\/fundacjaoda.pl\/wp-content\/uploads\/2017\/05\/IMG_1554-150x100.jpg 150w\" sizes=\"(max-width: 900px) 100vw, 900px\" \/><\/a>Wiecz\u00f3r muzyczny by\u0142 po\u0142\u0105czony z wystaw\u0105 prac malarskich El\u017cbiety R\u0105czki. Danuta Michalik przedstawi\u0142a autork\u0119 zgromadzonych w Izbie prac, dodaj\u0105c na zako\u0144czenie, \u017ce El\u017cbieta prowadzi obecnie w Izbie warsztaty malowania such\u0105 pastel\u0105. El\u017cbieta R\u0105czka opowiedzia\u0142a o wybranych na wystaw\u0119 pracach namalowanych w technice malarstwa olejnego sztalugowego zwracaj\u0105c uwag\u0119 na technik\u0119, w jakiej zosta\u0142y wykonane \u2013 plama mi\u0119kka, plama ostra, plama obwiedziona konturem oraz tematyk\u0119 \u2013 obyczaje, realistyczna, fantastyczna, przyrodnicza. Autorka po\u015bwi\u0119ci\u0142a d\u0142u\u017csz\u0105 chwil\u0119 obrazowi, kt\u00f3ry przedstawia\u0142 mokn\u0105c\u0105 w deszczu sanitariuszk\u0119. Historia tej postaci by\u0142a zwi\u0105zana z wojennymi do\u015bwiadczeniami taty pani El\u017cbiety. Autorka opowiedzia\u0142a tak\u017ce o swoich pracach po\u015bwi\u0119conych tematyce historycznej \u2013 wsp\u00f3\u0142pracuje \u015bci\u015ble z Muzeum Historii Polskiego Ruchu Ludowego \u2013 wymagaj\u0105cymi zgodno\u015bci z realiami danej epoki i kt\u00f3re s\u0105 cz\u0119sto oceniane przez historyk\u00f3w. Podzieli\u0142a si\u0119 r\u00f3wnie\u017c swoimi do\u015bwiadczeniami zwi\u0105zanymi z&nbsp;tworzeniem prac o r\u00f3\u017cnej tematyce \u2013 pejza\u017cy, portret\u00f3w \u2013 na zam\u00f3wienie r\u00f3\u017cnych odbiorc\u00f3w. Zach\u0119ci\u0142a zgromadzonych w izbie go\u015bci do udzia\u0142u w warsztatach pastelowych. Zwr\u00f3ci\u0142a uwag\u0119 na \u0142atwo\u015b\u0107, z jak\u0105 si\u0119 w niej tworzy obrazy oraz szybko\u015b\u0107 ich powstawania. Doda\u0142a te\u017c, na podstawie swoich do\u015bwiadcze\u0144 wyniesionych z okresu pracy w Studium Wiza\u017cu i Stylizacji, jak bardzo przydatna jest umiej\u0119tno\u015b\u0107 pos\u0142ugiwania si\u0119 pastelami w doborze i wykonaniu makija\u017cu. Pierwsz\u0105 cz\u0119\u015b\u0107 spotkania zako\u0144czy\u0142a si\u0119 odpowiedziami autorki na zadawane przez publiczno\u015b\u0107 pytania. <\/p>\n<p><a href=\"http:\/\/fundacjaoda.pl\/wp-content\/uploads\/2017\/05\/IMG_1564.jpg\"><img loading=\"lazy\" src=\"http:\/\/fundacjaoda.pl\/wp-content\/uploads\/2017\/05\/IMG_1564.jpg\" style=\"margin-right: 10px;\" alt=\"IMG_1564\" width=\"25%\" height=\"25%\" class=\"alignnone size-full wp-image-11467\" align=\"left\" srcset=\"http:\/\/fundacjaoda.pl\/wp-content\/uploads\/2017\/05\/IMG_1564.jpg 900w, http:\/\/fundacjaoda.pl\/wp-content\/uploads\/2017\/05\/IMG_1564-150x100.jpg 150w\" sizes=\"(max-width: 900px) 100vw, 900px\" \/><\/a><a href=\"http:\/\/fundacjaoda.pl\/wp-content\/uploads\/2017\/05\/IMG_1550.jpg\"><img loading=\"lazy\" src=\"http:\/\/fundacjaoda.pl\/wp-content\/uploads\/2017\/05\/IMG_1550.jpg\" style=\"margin-left: 10px;\" alt=\"IMG_1550\" width=\"25%\" height=\"25%\" class=\"alignnone size-full wp-image-11455\" align=\"right\" srcset=\"http:\/\/fundacjaoda.pl\/wp-content\/uploads\/2017\/05\/IMG_1550.jpg 739w, http:\/\/fundacjaoda.pl\/wp-content\/uploads\/2017\/05\/IMG_1550-150x121.jpg 150w\" sizes=\"(max-width: 739px) 100vw, 739px\" \/><\/a>Cz\u0119\u015b\u0107 drug\u0105 rozpocz\u0105\u0142 Leszek Patejuk przytaczaj\u0105c gar\u015b\u0107 solidnej informacji o kolejnym bohaterze tego wieczoru \u2013 Stanis\u0142awie Moniuszce. Go\u015bcie zgromadzeni w Izbie si\u0119gn\u0119li po wydrukowane dla nich \u015bpiewniki, przygotowane wcze\u015bniej miejsce zaj\u0119\u0142a Wala Patejuk (re\u017cyserka tej cz\u0119\u015bci wieczoru), Magdalena Wojakowska, arty\u015bci z wo\u0142omi\u0144skich ch\u00f3r\u00f3w Cantus Cordis i Echo, a przy pianinie zasiad\u0142\u0105 si\u0119 pani Anna Kornacka. Koncert rozpocz\u0105\u0142 si\u0119 wsp\u00f3lnym wykonaniem utworu <em>\u201eKum i Kuma\u201d<\/em>. <em>\u201ePiosnk\u0119 Broni\u201d<\/em> za\u015bpiewa\u0142a Wioletta Bijata, sopranistka Teatru Wielkiego Opery Narodowej w Warszawie. Trzeci utw\u00f3r, <em>\u201eDumk\u0119\u201d<\/em>, wykonali wszyscy zgromadzeni w Izbie go\u015bcie, mocno wspierani w wysokich partiach g\u0142osami artyst\u00f3w. <em>\u201eKrakowiaczka\u201d<\/em> za\u015bpiewa\u0142 Leszek Patejuk, a <em>\u201eDwie zorze\u201d<\/em> wszyscy go\u015bcie. Z w\u0142asn\u0105 zapowiedzi\u0105, z pie\u015bni\u0105 J. Korzeniowskiego <em>\u201ePiosenka \u017co\u0142nierza\u201d<\/em>, wyst\u0105pi\u0142 Zbigniew Chudy, a po nim wszyscy za\u015bpiewali rzewn\u0105 pie\u015b\u0144 <em>\u201eKozak\u201d<\/em>. Miejsce przy pianinie zaj\u0105\u0142 wyst\u0119puj\u0105cy w Izbie po raz pierwszy Mateusz Wojakowski akompaniuj\u0105c Magdalenie Wojakowskiej, kt\u00f3ra brawurowo wykona\u0142a dwa utwory: <em>\u201eZ\u0142ota rybka\u201d<\/em> oraz <em>\u201eDalib\u00f3g\u017ce\u201d<\/em> ze s\u0142owami J. Massalskiego. Po kr\u00f3tkiej naradzie <em>\u201ePie\u015b\u0144 wojenn\u0105\u201d<\/em> postanowili wykona\u0107 sami panowie: Zbigniew Chudy, Tadeusz Go\u0142\u0119biewski, Karol Ma\u0142olepszy oraz Leszek Patejuk, a ich wyst\u0119p zosta\u0142 nagrodzony gromkimi brawami. Po tej skocznej i weso\u0142ej pie\u015bni wszyscy od\u015bpiewali rzewn\u0105 <em>\u201eW\u0119drown\u0105 ptaszyn\u0119\u201d<\/em>. Skocznego <em>\u201eKrakowiaka\u201d<\/em> wykona\u0142a pani Wioletta, i zgromadzona publiczno\u015b\u0107, po raz pierwszy w historii Koncert\u00f3w Moniuszkowskich, od\u015bpiewa\u0142a <em>\u201eAri\u0119 Sko\u0142yby\u201d<\/em>, po wcze\u015bniejszym rozdaniu kr\u00f3tkich r\u00f3l mi\u0119dzy Zbigniewa Chudego i Leszka Patejuka. Wysz\u0142a ta aria naprawd\u0119 popisowo, a co najwa\u017cniejsze zgodnie z akompaniamentem! Nast\u0119pnie pani Wioletta wykona\u0142a <em>\u201ePrz\u0105\u015bniczk\u0119\u201d<\/em>, a po niej wszyscy od\u015bpiewali <em>\u201ePie\u015b\u0144 wieczorn\u0105\u201d<\/em>, przy wykonaniu kt\u00f3rej wsparcie artyst\u00f3w i cz\u0142onk\u00f3w ch\u00f3r\u00f3w okaza\u0142o si\u0119 nieocenione. <\/p>\n<p><a href=\"http:\/\/fundacjaoda.pl\/wp-content\/uploads\/2017\/05\/IMG_1611.jpg\"><img loading=\"lazy\" src=\"http:\/\/fundacjaoda.pl\/wp-content\/uploads\/2017\/05\/IMG_1611.jpg\" style=\"margin-right: 10px;\" alt=\"IMG_1611\" width=\"25%\" height=\"25%\" class=\"alignnone size-full wp-image-11504\" align=\"left\" srcset=\"http:\/\/fundacjaoda.pl\/wp-content\/uploads\/2017\/05\/IMG_1611.jpg 900w, http:\/\/fundacjaoda.pl\/wp-content\/uploads\/2017\/05\/IMG_1611-150x100.jpg 150w\" sizes=\"(max-width: 900px) 100vw, 900px\" \/><\/a>Na zako\u0144czenie koncertu, na bis zosta\u0142a od\u015bpiewana <em>\u201ePie\u015b\u0144 wojenna\u201d<\/em>, a do powsta\u0142ego <em>ad hoc<\/em> m\u0119skiego ch\u00f3ru przy\u0142\u0105czyli si\u0119 liczni zgromadzeni na sali panowie zach\u0119ceni aplauzem, jakim zosta\u0142o nagrodzone poprzednie wyst\u0105pienie. Zbigniew Chudy serdecznie podzi\u0119kowa\u0142 Wali Patejuk za przygotowanie i re\u017cyseri\u0119 koncertu, kt\u00f3rego jest pomys\u0142odawczyni\u0105 i sprawuje nad nim piecz\u0119 od samego pocz\u0105tku.<\/p>\n<p><a href=\"http:\/\/fundacjaoda.pl\/wp-content\/uploads\/2017\/05\/IMG_1638.jpg\"><img loading=\"lazy\" src=\"http:\/\/fundacjaoda.pl\/wp-content\/uploads\/2017\/05\/IMG_1638.jpg\" style=\"margin-left: 10px;\" alt=\"IMG_1638\" width=\"25%\" height=\"25%\" class=\"alignnone size-full wp-image-11527\" align=\"right\" srcset=\"http:\/\/fundacjaoda.pl\/wp-content\/uploads\/2017\/05\/IMG_1638.jpg 792w, http:\/\/fundacjaoda.pl\/wp-content\/uploads\/2017\/05\/IMG_1638-150x113.jpg 150w\" sizes=\"(max-width: 792px) 100vw, 792px\" \/><\/a>Roz\u015bpiewana publiczno\u015b\u0107 dzieli\u0142a si\u0119 swoimi wra\u017ceniami z koncertu podczas tradycyjnego pocz\u0119stunku. Spotkanie przeci\u0105gn\u0119\u0142o si\u0119 do p\u00f3\u017anych godzin wieczornych. <strong><a href=\"http:\/\/fundacjaoda.pl\/?page_id=11533\" title=\"Galeria \u2013 Wiecz\u00f3r Moniuszkowski 2017\">Galeria<\/a><\/strong><\/p>\n","protected":false},"excerpt":{"rendered":"<p>Wiecz\u00f3r muzyczny by\u0142 po\u0142\u0105czony z wystaw\u0105 prac malarskich El\u017cbiety R\u0105czki. Danuta Michalik przedstawi\u0142a autork\u0119 zgromadzonych w Izbie prac, dodaj\u0105c na zako\u0144czenie, \u017ce El\u017cbieta prowadzi obecnie w Izbie warsztaty malowania such\u0105 pastel\u0105. El\u017cbieta R\u0105czka opowiedzia\u0142a o wybranych na wystaw\u0119 pracach namalowanych w technice malarstwa olejnego sztalugowego zwracaj\u0105c uwag\u0119 na technik\u0119, w \u2026 <a href=\"http:\/\/fundacjaoda.pl\/?page_id=11541\"> Continue reading <span class=\"meta-nav\">&rarr; <\/span><\/a><\/p>\n","protected":false},"author":1,"featured_media":0,"parent":0,"menu_order":0,"comment_status":"closed","ping_status":"closed","template":"","meta":[],"_links":{"self":[{"href":"http:\/\/fundacjaoda.pl\/index.php?rest_route=\/wp\/v2\/pages\/11541"}],"collection":[{"href":"http:\/\/fundacjaoda.pl\/index.php?rest_route=\/wp\/v2\/pages"}],"about":[{"href":"http:\/\/fundacjaoda.pl\/index.php?rest_route=\/wp\/v2\/types\/page"}],"author":[{"embeddable":true,"href":"http:\/\/fundacjaoda.pl\/index.php?rest_route=\/wp\/v2\/users\/1"}],"replies":[{"embeddable":true,"href":"http:\/\/fundacjaoda.pl\/index.php?rest_route=%2Fwp%2Fv2%2Fcomments&post=11541"}],"version-history":[{"count":16,"href":"http:\/\/fundacjaoda.pl\/index.php?rest_route=\/wp\/v2\/pages\/11541\/revisions"}],"predecessor-version":[{"id":11560,"href":"http:\/\/fundacjaoda.pl\/index.php?rest_route=\/wp\/v2\/pages\/11541\/revisions\/11560"}],"wp:attachment":[{"href":"http:\/\/fundacjaoda.pl\/index.php?rest_route=%2Fwp%2Fv2%2Fmedia&parent=11541"}],"curies":[{"name":"wp","href":"https:\/\/api.w.org\/{rel}","templated":true}]}}

Wieczór Moniuszkowski &#8211; 27.05. 2017

<p><a href="http://fundacjaoda.pl/wp-content/uploads/2017/05/IMG_1554.jpg"><img loading="lazy" src="http://fundacjaoda.pl/wp-content/uploads/2017/05/IMG_1554.jpg" style="margin-right: 10px;" alt="IMG_1554" width="25%" height="25%" class="alignnone size-full wp-image-11459" align="left" srcset="http://fundacjaoda.pl/wp-content/uploads/2017/05/IMG_1554.jpg 900w, http://fundacjaoda.pl/wp-content/uploads/2017/05/IMG_1554-150x100.jpg 150w" sizes="(max-width: 900px) 100vw, 900px" /></a>Wieczór muzyczny był połączony z wystawą prac malarskich Elżbiety Rączki. Danuta Michalik przedstawiła autorkę zgromadzonych w Izbie prac, dodając na zakończenie, że Elżbieta prowadzi obecnie w Izbie warsztaty malowania suchą pastelą. Elżbieta Rączka opowiedziała o wybranych na wystawę pracach namalowanych w technice malarstwa olejnego sztalugowego zwracając uwagę na technikę, w jakiej zostały wykonane – plama miękka, plama ostra, plama obwiedziona konturem oraz tematykę – obyczaje, realistyczna, fantastyczna, przyrodnicza. Autorka poświęciła dłuższą chwilę obrazowi, który przedstawiał moknącą w deszczu sanitariuszkę. Historia tej postaci była związana z wojennymi doświadczeniami taty pani Elżbiety. Autorka opowiedziała także o swoich pracach poświęconych tematyce historycznej – współpracuje ściśle z Muzeum Historii Polskiego Ruchu Ludowego – wymagającymi zgodności z realiami danej epoki i które są często oceniane przez historyków. Podzieliła się również swoimi doświadczeniami związanymi z&nbsp;tworzeniem prac o różnej tematyce – pejzaży, portretów – na zamówienie różnych odbiorców. Zachęciła zgromadzonych w izbie gości do udziału w warsztatach pastelowych. Zwróciła uwagę na łatwość, z jaką się w niej tworzy obrazy oraz szybkość ich powstawania. Dodała też, na podstawie swoich doświadczeń wyniesionych z okresu pracy w Studium Wizażu i Stylizacji, jak bardzo przydatna jest umiejętność posługiwania się pastelami w doborze i wykonaniu makijażu. Pierwszą część spotkania zakończyła się odpowiedziami autorki na zadawane przez publiczność pytania. </p>
<p><a href="http://fundacjaoda.pl/wp-content/uploads/2017/05/IMG_1564.jpg"><img loading="lazy" src="http://fundacjaoda.pl/wp-content/uploads/2017/05/IMG_1564.jpg" style="margin-right: 10px;" alt="IMG_1564" width="25%" height="25%" class="alignnone size-full wp-image-11467" align="left" srcset="http://fundacjaoda.pl/wp-content/uploads/2017/05/IMG_1564.jpg 900w, http://fundacjaoda.pl/wp-content/uploads/2017/05/IMG_1564-150x100.jpg 150w" sizes="(max-width: 900px) 100vw, 900px" /></a><a href="http://fundacjaoda.pl/wp-content/uploads/2017/05/IMG_1550.jpg"><img loading="lazy" src="http://fundacjaoda.pl/wp-content/uploads/2017/05/IMG_1550.jpg" style="margin-left: 10px;" alt="IMG_1550" width="25%" height="25%" class="alignnone size-full wp-image-11455" align="right" srcset="http://fundacjaoda.pl/wp-content/uploads/2017/05/IMG_1550.jpg 739w, http://fundacjaoda.pl/wp-content/uploads/2017/05/IMG_1550-150x121.jpg 150w" sizes="(max-width: 739px) 100vw, 739px" /></a>Część drugą rozpoczął Leszek Patejuk przytaczając garść solidnej informacji o kolejnym bohaterze tego wieczoru – Stanisławie Moniuszce. Goście zgromadzeni w Izbie sięgnęli po wydrukowane dla nich śpiewniki, przygotowane wcześniej miejsce zajęła Wala Patejuk (reżyserka tej części wieczoru), Magdalena Wojakowska, artyści z wołomińskich chórów Cantus Cordis i Echo, a przy pianinie zasiadłą się pani Anna Kornacka. Koncert rozpoczął się wspólnym wykonaniem utworu <em>„Kum i Kuma”</em>. <em>„Piosnkę Broni”</em> zaśpiewała Wioletta Bijata, sopranistka Teatru Wielkiego Opery Narodowej w Warszawie. Trzeci utwór, <em>„Dumkę”</em>, wykonali wszyscy zgromadzeni w Izbie goście, mocno wspierani w wysokich partiach głosami artystów. <em>„Krakowiaczka”</em> zaśpiewał Leszek Patejuk, a <em>„Dwie zorze”</em> wszyscy goście. Z własną zapowiedzią, z pieśnią J. Korzeniowskiego <em>„Piosenka żołnierza”</em>, wystąpił Zbigniew Chudy, a po nim wszyscy zaśpiewali rzewną pieśń <em>„Kozak”</em>. Miejsce przy pianinie zajął występujący w Izbie po raz pierwszy Mateusz Wojakowski akompaniując Magdalenie Wojakowskiej, która brawurowo wykonała dwa utwory: <em>„Złota rybka”</em> oraz <em>„Dalibógże”</em> ze słowami J. Massalskiego. Po krótkiej naradzie <em>„Pieśń wojenną”</em> postanowili wykonać sami panowie: Zbigniew Chudy, Tadeusz Gołębiewski, Karol Małolepszy oraz Leszek Patejuk, a ich występ został nagrodzony gromkimi brawami. Po tej skocznej i wesołej pieśni wszyscy odśpiewali rzewną <em>„Wędrowną ptaszynę”</em>. Skocznego <em>„Krakowiaka”</em> wykonała pani Wioletta, i zgromadzona publiczność, po raz pierwszy w historii Koncertów Moniuszkowskich, odśpiewała <em>„Arię Skołyby”</em>, po wcześniejszym rozdaniu krótkich ról między Zbigniewa Chudego i Leszka Patejuka. Wyszła ta aria naprawdę popisowo, a co najważniejsze zgodnie z akompaniamentem! Następnie pani Wioletta wykonała <em>„Prząśniczkę”</em>, a po niej wszyscy odśpiewali <em>„Pieśń wieczorną”</em>, przy wykonaniu której wsparcie artystów i członków chórów okazało się nieocenione. </p>
<p><a href="http://fundacjaoda.pl/wp-content/uploads/2017/05/IMG_1611.jpg"><img loading="lazy" src="http://fundacjaoda.pl/wp-content/uploads/2017/05/IMG_1611.jpg" style="margin-right: 10px;" alt="IMG_1611" width="25%" height="25%" class="alignnone size-full wp-image-11504" align="left" srcset="http://fundacjaoda.pl/wp-content/uploads/2017/05/IMG_1611.jpg 900w, http://fundacjaoda.pl/wp-content/uploads/2017/05/IMG_1611-150x100.jpg 150w" sizes="(max-width: 900px) 100vw, 900px" /></a>Na zakończenie koncertu, na bis została odśpiewana <em>„Pieśń wojenna”</em>, a do powstałego <em>ad hoc</em> męskiego chóru przyłączyli się liczni zgromadzeni na sali panowie zachęceni aplauzem, jakim zostało nagrodzone poprzednie wystąpienie. Zbigniew Chudy serdecznie podziękował Wali Patejuk za przygotowanie i reżyserię koncertu, którego jest pomysłodawczynią i sprawuje nad nim pieczę od samego początku.</p>
<p><a href="http://fundacjaoda.pl/wp-content/uploads/2017/05/IMG_1638.jpg"><img loading="lazy" src="http://fundacjaoda.pl/wp-content/uploads/2017/05/IMG_1638.jpg" style="margin-left: 10px;" alt="IMG_1638" width="25%" height="25%" class="alignnone size-full wp-image-11527" align="right" srcset="http://fundacjaoda.pl/wp-content/uploads/2017/05/IMG_1638.jpg 792w, http://fundacjaoda.pl/wp-content/uploads/2017/05/IMG_1638-150x113.jpg 150w" sizes="(max-width: 792px) 100vw, 792px" /></a>Rozśpiewana publiczność dzieliła się swoimi wrażeniami z koncertu podczas tradycyjnego poczęstunku. Spotkanie przeciągnęło się do późnych godzin wieczornych. <strong><a href="http://fundacjaoda.pl/?page_id=11533" title="Galeria – Wieczór Moniuszkowski 2017">Galeria</a></strong></p>

<p>Wieczór muzyczny był połączony z wystawą prac malarskich Elżbiety Rączki. Danuta Michalik przedstawiła autorkę zgromadzonych w Izbie prac, dodając na zakończenie, że Elżbieta prowadzi obecnie w Izbie warsztaty malowania suchą pastelą. Elżbieta Rączka opowiedziała o wybranych na wystawę pracach namalowanych w technice malarstwa olejnego sztalugowego zwracając uwagę na technikę, w … <a href="http://fundacjaoda.pl/?page_id=11541"> Continue reading <span class="meta-nav">&rarr; </span></a></p>
